{"id":629,"date":"2013-09-12T22:08:42","date_gmt":"2013-09-12T22:08:42","guid":{"rendered":"http:\/\/obratenykatolik.sk\/?page_id=629"},"modified":"2021-12-22T15:56:11","modified_gmt":"2021-12-22T14:56:11","slug":"evanjelium-podla-papeza-frantiska","status":"publish","type":"page","link":"https:\/\/obratenykatolik.sk\/?page_id=629","title":{"rendered":"Evanjelium pod\u013ea p\u00e1pe\u017ea Franti\u0161ka"},"content":{"rendered":"<p class=\"MsoNormal\">Pred p\u00e1ru mesiacmi (na jar 2013) v\u00a0novin\u00e1ch letela spr\u00e1va, ako sa p\u00e1pe\u017e Franti\u0161ek vyjadril k\u00a0t\u00e9me spasenia ateistov:<\/p>\n<p class=\"MsoNormal\" style=\"margin-bottom: .0001pt; line-height: normal;\"><span style=\"mso-ascii-font-family: Calibri; mso-fareast-font-family: 'Times New Roman'; mso-hansi-font-family: Calibri; mso-bidi-font-family: 'Times New Roman';\">\u201ev\u0161etci, aj ateisti, boli vyk\u00fapen\u00ed krvou Je\u017ei\u0161a Krista\u201c<\/span><\/p>\n<p class=\"MsoNormal\" style=\"margin-bottom: .0001pt; line-height: normal;\"><span style=\"mso-ascii-font-family: Calibri; mso-fareast-font-family: 'Times New Roman'; mso-hansi-font-family: Calibri; mso-bidi-font-family: 'Times New Roman';\">\u201ev\u0161etci, ktor\u00ed \u010dinia dobro, bud\u00fa vo ve\u010dnom \u017eivote\u201c<\/span><\/p>\n<p class=\"MsoNormal\">Vtedy niektor\u00fdmi katol\u00edckymi m\u00e9diami znela reakcia, ktor\u00e1 popierala, \u017ee p\u00e1pe\u017e nemyslel takto slov\u00e1. A \u201espr\u00e1vne\u201c interpretovala p\u00e1pe\u017eove slov\u00e1 pod\u013ea n\u00e1uky RKC. \u201eNovin\u00e1rske\u201c pochopenie p\u00e1pe\u017eov\u00fdch slov nazvali \u201eHOAX\u201c\u00a0 Viac tu:<\/p>\n<p class=\"MsoNormal\"><a href=\"http:\/\/hriechyokultizmus.wordpress.com\/2013\/05\/27\/hoax-dezinformacie-o-papezovych-vyrokoch-ateisti-a-spasa-cloveka\/\">http:\/\/hriechyokultizmus.wordpress.com\/2013\/05\/27\/hoax-dezinformacie-o-papezovych-vyrokoch-ateisti-a-spasa-cloveka\/<\/a><\/p>\n<p class=\"MsoNormal\">Teraz (september 2013) znova zneje r\u00f4znymi novinami podobn\u00e1 spr\u00e1va, ktor\u00e1 zasa \u201espas\u00ed\u201c ateistov konaj\u00facich dobro. U\u017e len \u010dak\u00e1m na katol\u00edckych m\u00e9di\u00e1ch na \u201espr\u00e1vne\u201c vysvetlenie p\u00e1pe\u017eov\u00fdch slov:<\/p>\n<div style=\"mso-element: para-border-div; border: none; border-bottom: solid windowtext 1.0pt; mso-border-bottom-alt: solid windowtext .75pt; padding: 0cm 0cm 1.0pt 0cm;\">\n<p class=\"MsoNormal\" style=\"border: none; mso-border-bottom-alt: solid windowtext .75pt; padding: 0cm; mso-padding-alt: 0cm 0cm 1.0pt 0cm;\"><a href=\"http:\/\/www.sme.sk\/c\/6931200\/papez-ateisti-mozu-byt-rovnako-moralni-ako-katolici.html#ixzz2ecgeLvFX\">http:\/\/www.sme.sk\/c\/6931200\/papez-ateisti-mozu-byt-rovnako-moralni-ako-katolici.html#ixzz2ecgeLvFX<\/a><\/p>\n<p class=\"MsoNormal\" style=\"border: none; mso-border-bottom-alt: solid windowtext .75pt; padding: 0cm; mso-padding-alt: 0cm 0cm 1.0pt 0cm;\">P\u00e1pe\u017e je pod\u013ea n\u00e1uky RKC z\u00e1stupca Krista na zemi. To znamen\u00e1, \u017ee m\u00e1 kona\u0165 ako Kristus a\u00a0myslie\u0165 ako Kristus. No z\u00a0t\u00fdchto p\u00e1pe\u017eov\u00fdch v\u00fdrokov jasne vidno, \u017ee nekon\u00e1 ako Kristus a\u00a0nemysl\u00ed ako Kristus. \u017de sa vyjadruje nielen proti n\u00e1uke RKC, ale hlavne proti Bo\u017eiemu slovu, Bo\u017eiemu evanjeliu.<\/p>\n<\/div>\n<p class=\"MsoNormal\" style=\"line-height: normal; mso-layout-grid-align: none; text-autospace: none; margin: 1.5pt 2.25pt .0001pt 0cm;\"><strong><span lang=\"X-NONE\" style=\"font-size: 8.0pt; mso-bidi-font-size: 12.0pt; font-family: 'Segoe UI','sans-serif'; color: maroon; mso-ansi-language: X-NONE;\">Jn 14:6 <\/span><\/strong><span lang=\"X-NONE\" style=\"font-size: 10.0pt; mso-bidi-font-size: 12.0pt; font-family: 'Segoe UI','sans-serif'; mso-bidi-font-family: Arial; color: black; mso-ansi-language: X-NONE;\"><span style=\"mso-spacerun: yes;\">\u00a0<\/span><\/span><span lang=\"X-NONE\" style=\"font-size: 10.0pt; mso-bidi-font-size: 12.0pt; font-family: 'Segoe UI','sans-serif'; mso-bidi-font-family: Arial; color: red; mso-ansi-language: X-NONE;\">\u201eJa som cesta, pravda a \u017eivot. Nik nepr\u00edde k Otcovi, iba cezo m\u0148a.<\/span><\/p>\n<p class=\"MsoNormal\" style=\"line-height: normal; mso-layout-grid-align: none; text-autospace: none; margin: 1.5pt 2.25pt .0001pt 0cm;\"><span style=\"font-size: 10.0pt; mso-bidi-font-size: 12.0pt; font-family: 'Segoe UI','sans-serif'; mso-bidi-font-family: Arial; color: red;\">\u00a0<\/span><\/p>\n<p>Cel\u00fdm Bo\u017e\u00edm slovom Nov\u00e9ho z\u00e1kona sa vinie princ\u00edp, \u017ee nikto nebude spasen\u00fd, kto neuver\u00ed vo vyk\u00fapenie Je\u017ei\u0161a Krista a\u00a0dielu Je\u017ei\u0161a Krista! To znamen\u00e1, \u017ee ani ateisti, ani moslimovia, ani budhisti, ani R\u00edmskokatol\u00edci nebud\u00fa spasen\u00ed, ak neuveria a\u00a0nejdu k\u00a0Bohu skrze Je\u017ei\u0161a Krista, skrze VIERU v\u00a0jeho vyk\u00fapenie a\u00a0jeho dielo. A\u00a0t\u00ed ateisti, moslimovia, budhisti, \u010di R\u00edmskokatol\u00edci, ak uveria dielu Je\u017ei\u0161a Krista, u\u017e nem\u00f4\u017eu na\u010falej zost\u00e1va\u0165 v\u00a0aiteizme, \u010di budhizme, \u010di R\u00edmskokatolicizme. Preto\u017ee nem\u00f4\u017eu z\u00e1rove\u0148 by\u0165 proti Bohu a\u00a0veri\u0165 Bohu. Preto\u017ee by \u017eili \u017eivot rozdvojenej osobnosti. Nikto nem\u00f4\u017ee sl\u00fa\u017ei\u0165 dvom p\u00e1nom! (Mt 6,24)<\/p>\n<p class=\"MsoNormal\">Ak u\u017e tieto v\u00fdroky p\u00e1pe\u017ea R\u00edmskokatol\u00edkom nekol\u00fa o\u010di, tak aj u\u017e neviem, \u010do im e\u0161te p\u00e1pe\u017e mus\u00ed poveda\u0165, aby spoznali, \u017ee to nie je z\u00e1stupca Krista, ale Antikrista! Preto\u017ee hovor\u00ed proti Kristovi!\u00a0 Preto\u017ee aj predo\u0161l\u00ed p\u00e1pe\u017ei hovorili proti Kristovi!\u00a0 R\u00edmskokatol\u00edcki vodcovia a veriaci u\u010deniu RKC nemaj\u00fa za otca Nebesk\u00e9ho Otca, ale diabla!<\/p>\n<p class=\"MsoNormal\">Je\u017ei\u0161ove slov\u00e1 pre vtedaj\u0161\u00edch najvy\u0161\u0161\u00edch n\u00e1bo\u017eensk\u00fdch predstavite\u013eov v\u00fdsti\u017ene platia aj pre predstavite\u013eov RKC:<\/p>\n<p class=\"MsoNormal\" style=\"line-height: normal; mso-layout-grid-align: none; text-autospace: none; margin: 1.5pt 2.25pt .0001pt 0cm;\"><strong><span lang=\"X-NONE\" style=\"font-size: 8.0pt; mso-bidi-font-size: 12.0pt; font-family: 'Segoe UI','sans-serif'; color: maroon; mso-ansi-language: X-NONE;\">Jn 8:44 <\/span><\/strong><strong><span style=\"font-size: 8.0pt; mso-bidi-font-size: 12.0pt; font-family: 'Segoe UI','sans-serif'; color: maroon;\">-47 <\/span><\/strong><span lang=\"X-NONE\" style=\"font-size: 10.0pt; mso-bidi-font-size: 12.0pt; font-family: 'Segoe UI','sans-serif'; mso-bidi-font-family: Arial; color: red; mso-ansi-language: X-NONE;\">Va\u0161\u00edm otcom je diabol a vy chcete plni\u0165 t\u00fa\u017eby svojho otca. On bol vrah od po\u010diatku a nezotrval v pravde, lebo v \u0148om pravdy niet. Ke\u010f luh\u00e1, hovor\u00ed zo seba, lebo je luh\u00e1r a otec l\u017ei.<\/span><span lang=\"X-NONE\" style=\"font-size: 10.0pt; mso-bidi-font-size: 12.0pt; font-family: 'Segoe UI','sans-serif'; mso-bidi-font-family: Arial; color: red; mso-ansi-language: X-NONE;\"> Ale ja hovor\u00edm pravdu, a preto mi never\u00edte.<\/span><span lang=\"X-NONE\" style=\"font-size: 10.0pt; mso-bidi-font-size: 12.0pt; font-family: 'Segoe UI','sans-serif'; mso-bidi-font-family: Arial; color: red; mso-ansi-language: X-NONE;\"> Kto z v\u00e1s ma usved\u010d\u00ed z hriechu? Pre\u010do mi never\u00edte, ke\u010f v\u00e1m hovor\u00edm pravdu?! <\/span><span lang=\"X-NONE\" style=\"font-size: 10.0pt; mso-bidi-font-size: 12.0pt; font-family: 'Segoe UI','sans-serif'; mso-bidi-font-family: Arial; color: red; mso-ansi-language: X-NONE;\">Kto je z Boha, po\u010d\u00fava Bo\u017eie slov\u00e1. Vy nepo\u010d\u00favate, lebo nie ste z Boha.\u201c<\/span><\/p>\n<p class=\"MsoNormal\" style=\"line-height: normal; mso-layout-grid-align: none; text-autospace: none; margin: 1.5pt 2.25pt 1.5pt 0cm;\"><strong style=\"mso-bidi-font-weight: normal;\"><span lang=\"X-NONE\" style=\"font-size: 8.0pt; mso-bidi-font-size: 12.0pt; font-family: 'Segoe UI','sans-serif'; mso-bidi-font-family: Arial; color: maroon; mso-ansi-language: X-NONE;\">\u00a0<\/span><\/strong><\/p>\n<h2 class=\"MsoNormal\">Tak\u017ee s\u00fahrn na zamyslenie sa nad t\u00fdm, kto je vlastne p\u00e1pe\u017e Franti\u0161ek (a ostatn\u00ed pred n\u00edm, vi\u010f \u010dl\u00e1nok: Duch Assisi):<\/h2>\n<p class=\"MsoNormal\">Vyriekol slov\u00e1 ktor\u00e9 protire\u010dia Bo\u017eiemu slovu<\/p>\n<p class=\"MsoNormal\">P\u00e1pe\u017e k\u00e1\u017ee in\u00e9, falo\u0161n\u00e9 evanjelium a vz\u0165ahuje sa na\u0148ho Bo\u017eie prekliatie:<\/p>\n<p class=\"MsoNormal\"><span style=\"color: #ff0000;\">Gal 1:8 &#8211; 10 Ale keby sme v\u00e1m hl\u00e1sali my alebo aj anjel z neba in\u00e9 evanjelium, ako sme v\u00e1m hl\u00e1sali, nech je prekliaty! Ako sme u\u017e povedali, aj teraz znova hovor\u00edm: Ak by v\u00e1m niekto hl\u00e1sal in\u00e9 evanjelium ako to, ktor\u00e9 ste prijali, nech je prekliaty! Chcem si teraz nakloni\u0165 \u013eud\u00ed alebo Boha? Alebo sa usilujem p\u00e1\u010di\u0165 sa \u013eu\u010fom? Keby som sa e\u0161te chcel p\u00e1\u010di\u0165 \u013eu\u010fom, nebol by som Kristov\u00fdm slu\u017eobn\u00edkom.<\/span><\/p>\n<p class=\"MsoNormal\">P\u00e1pe\u017e vyriekol slov\u00e1 proti n\u00e1uke RKC<\/p>\n<p class=\"MsoNormal\">P\u00e1pe\u017e vyriekol slov\u00e1 u\u010denia HUMANIZMU A\u00a0NEW AGE!<\/p>\n<p class=\"MsoNormal\">Kto je za Humanizmom a\u00a0New Age? Slobodomur\u00e1ri a za nimi je diabol!<\/p>\n<p class=\"MsoNormal\">P\u00e1pe\u017e dal falo\u0161n\u00fa n\u00e1dej v\u0161etk\u00fdm ateistom!<\/p>\n<p class=\"MsoNormal\">P\u00e1pe\u017e sa vysmial v\u0161etk\u00fdm katol\u00edkom veriacim u\u010deniu RKC!<\/p>\n<p class=\"MsoNormal\">P\u00e1pe\u017e<span style=\"mso-spacerun: yes;\">\u00a0 <\/span>vyriekol podobn\u00e9 slov\u00e1, ktor\u00e9 mi boli povedan\u00e9 na teologickej fakulte a\u00a0ktor\u00e9 RKC u\u010d\u00ed seminaristov! Kto potom vedie a\u00a0u\u010d\u00ed seminaristov v RKC? Ak\u00fd duch je v\u00a0RKC??? Kam smeruje cel\u00e1 RKC?<\/p>\n<p class=\"MsoNormal\">P\u00e1pe\u017ea zbo\u017e\u0148uj\u00fa v\u0161etci, \u010di ateisti, \u010di inoverci, \u010di R\u00edmskokatol\u00edci. (Tak isto to bolo aj s\u00a0Wojtylom) A\u00a0to je znak falo\u0161n\u00e9ho u\u010denia, falo\u0161n\u00e9ho vodcu, ke\u010f je v\u0161etk\u00fdmi zbo\u017e\u0148ovan\u00fd.<\/p>\n<p class=\"MsoNormal\">Svet nen\u00e1vid\u00ed t\u00fdch, \u010do hl\u00e1saj\u00fa Kristovo slovo:<\/p>\n<p class=\"MsoNormal\" style=\"line-height: normal; mso-layout-grid-align: none; text-autospace: none; margin: 1.5pt 2.25pt .0001pt 0cm;\"><strong><span lang=\"X-NONE\" style=\"font-size: 8.0pt; mso-bidi-font-size: 12.0pt; font-family: 'Segoe UI','sans-serif'; color: maroon; mso-ansi-language: X-NONE;\">2Tim 3:12 <\/span><\/strong><span lang=\"X-NONE\" style=\"font-size: 10.0pt; mso-bidi-font-size: 12.0pt; font-family: 'Segoe UI','sans-serif'; mso-bidi-font-family: Arial; color: red; mso-ansi-language: X-NONE;\">Ve\u010f v\u0161etci, \u010do chc\u00fa \u017ei\u0165 n\u00e1bo\u017ene v Kristovi Je\u017ei\u0161ovi, bud\u00fa prenasledovan\u00ed.<\/span><\/p>\n<p class=\"MsoNormal\" style=\"line-height: normal; mso-layout-grid-align: none; text-autospace: none; margin: 1.5pt 2.25pt .0001pt 0cm;\"><strong><span lang=\"X-NONE\" style=\"font-size: 8.0pt; mso-bidi-font-size: 12.0pt; font-family: 'Segoe UI','sans-serif'; color: maroon; mso-ansi-language: X-NONE;\">Jn 17:14 <\/span><\/strong><span lang=\"X-NONE\" style=\"font-size: 10.0pt; mso-bidi-font-size: 12.0pt; font-family: 'Segoe UI','sans-serif'; mso-bidi-font-family: Arial; color: red; mso-ansi-language: X-NONE;\">Dal som im tvoje slovo a svet ich znen\u00e1videl, lebo nie s\u00fa zo sveta, ako ani ja nie som zo sveta.<\/span><\/p>\n<p class=\"MsoNormal\" style=\"line-height: normal; mso-layout-grid-align: none; text-autospace: none; margin: 1.5pt 2.25pt .0001pt 0cm;\"><strong><span lang=\"X-NONE\" style=\"font-size: 8.0pt; mso-bidi-font-size: 12.0pt; font-family: 'Segoe UI','sans-serif'; color: maroon; mso-ansi-language: X-NONE;\">Jn 15:19 <\/span><\/strong><span lang=\"X-NONE\" style=\"font-size: 10.0pt; mso-bidi-font-size: 12.0pt; font-family: 'Segoe UI','sans-serif'; mso-bidi-font-family: Arial; color: red; mso-ansi-language: X-NONE;\">Keby ste boli zo sveta, svet by miloval, \u010do je jeho, ale preto, \u017ee nie ste zo sveta, \u017ee som si v\u00e1s ja vyvolil zo sveta, svet v\u00e1s nen\u00e1vid\u00ed.<\/span><\/p>\n<p class=\"MsoNormal\" style=\"line-height: normal; mso-layout-grid-align: none; text-autospace: none; margin: 1.5pt 2.25pt 1.5pt 0cm;\"><strong style=\"mso-bidi-font-weight: normal;\"><span lang=\"X-NONE\" style=\"font-size: 8.0pt; mso-bidi-font-size: 12.0pt; font-family: 'Segoe UI','sans-serif'; mso-bidi-font-family: Arial; color: maroon; mso-ansi-language: X-NONE;\">\u00a0<\/span><\/strong><\/p>\n<p class=\"MsoNormal\" style=\"line-height: normal; mso-layout-grid-align: none; text-autospace: none; margin: 1.5pt 2.25pt .0001pt 0cm;\"><span lang=\"X-NONE\" style=\"font-size: 10.0pt; mso-bidi-font-size: 12.0pt; font-family: 'Segoe UI','sans-serif'; mso-bidi-font-family: Arial; color: red; mso-ansi-language: X-NONE;\">\u00a0<\/span><\/p>\n<p class=\"MsoNormal\" style=\"line-height: normal; mso-layout-grid-align: none; text-autospace: none; margin: 1.5pt 2.25pt 1.5pt 0cm;\"><strong style=\"mso-bidi-font-weight: normal;\"><span lang=\"X-NONE\" style=\"font-size: 8.0pt; mso-bidi-font-size: 12.0pt; font-family: 'Segoe UI','sans-serif'; mso-bidi-font-family: Arial; color: maroon; mso-ansi-language: X-NONE;\">\u00a0<\/span><\/strong><\/p>\n<h2 class=\"MsoNormal\">\u010co z\u00a0toho vypl\u00fdva pre spasen\u00fdch kres\u0165anov?<\/h2>\n<p class=\"MsoNormal\" style=\"line-height: normal; mso-layout-grid-align: none; text-autospace: none; margin: 1.5pt 2.25pt .0001pt 0cm;\"><strong><span lang=\"X-NONE\" style=\"font-size: 8.0pt; mso-bidi-font-size: 12.0pt; font-family: 'Segoe UI','sans-serif'; color: maroon; mso-ansi-language: X-NONE;\"><span style=\"color: #ff0000;\">2Tim 4:1<\/span><\/span><\/strong><span style=\"color: #ff0000;\"><strong><span style=\"font-size: 8pt; font-family: 'Segoe UI','sans-serif';\">-5<\/span><\/strong><span lang=\"X-NONE\" style=\"font-size: 10pt; font-family: 'Segoe UI','sans-serif';\"> Zaprisah\u00e1vam \u0165a pred Bohom a Kristom Je\u017ei\u0161om, ktor\u00fd bude s\u00fadi\u0165 \u017eiv\u00fdch i m\u0155tvych, pre jeho pr\u00edchod a jeho kr\u00e1\u013eovstvo:<\/span><strong><span lang=\"X-NONE\" style=\"font-size: 10pt; font-family: 'Segoe UI','sans-serif';\"> Hl\u00e1saj slovo, naliehaj vhod i nevhod, usved\u010duj, karhaj a povzbudzuj so v\u0161etkou trpezlivos\u0165ou a m\u00fadros\u0165ou.<\/span><\/strong><span lang=\"X-NONE\" style=\"font-size: 10pt; font-family: 'Segoe UI','sans-serif';\"> Lebo pr\u00edde \u010das, ke\u010f neznes\u00fa zdrav\u00e9 u\u010denie, ale nazh\u00e1\u0148aj\u00fa si u\u010dite\u013eov pod\u013ea svojich ch\u00fa\u0165ok, aby im \u0161teklili u\u0161i.<\/span><span lang=\"X-NONE\" style=\"font-size: 10pt; font-family: 'Segoe UI','sans-serif';\"> Odvr\u00e1tia sluch od pravdy a obr\u00e1tia sa k b\u00e1jkam. <\/span><strong><span lang=\"X-NONE\" style=\"font-size: 10pt; font-family: 'Segoe UI','sans-serif';\">Ty v\u0161ak bu\u010f vo v\u0161etkom triezvy, zn\u00e1\u0161aj \u00fatrapy, konaj dielo evanjelistu, pl\u0148 svoju slu\u017ebu.<\/span><\/strong><\/span><\/p>\n<p class=\"MsoNormal\" style=\"line-height: normal; mso-layout-grid-align: none; text-autospace: none; margin: 1.5pt 2.25pt 1.5pt 0cm;\"><span style=\"color: #ff0000;\"><strong style=\"mso-bidi-font-weight: normal;\"><span lang=\"X-NONE\" style=\"font-size: 8pt; font-family: 'Segoe UI','sans-serif';\">\u00a0<\/span><\/strong><\/span><\/p>\n<p class=\"MsoNormal\" style=\"line-height: normal; mso-layout-grid-align: none; text-autospace: none; margin: 1.5pt 2.25pt .0001pt 0cm;\"><span style=\"color: #ff0000;\"><strong><span lang=\"X-NONE\" style=\"font-size: 8pt; font-family: 'Segoe UI','sans-serif';\">2Tim 3:12 <\/span><\/strong><strong><span style=\"font-size: 8pt; font-family: 'Segoe UI','sans-serif';\">-17 <\/span><\/strong><span lang=\"X-NONE\" style=\"font-size: 10pt; font-family: 'Segoe UI','sans-serif';\">Ve\u010f v\u0161etci, \u010do chc\u00fa \u017ei\u0165 n\u00e1bo\u017ene v Kristovi Je\u017ei\u0161ovi, bud\u00fa prenasledovan\u00ed.<\/span><span lang=\"X-NONE\" style=\"font-size: 10pt; font-family: 'Segoe UI','sans-serif';\"> Ale zl\u00ed \u013eudia a zvodcovia bud\u00fa spie\u0165 k hor\u0161iemu, bud\u00fa strh\u00e1va\u0165 do bludu a sami bud\u00fa bl\u00fadi\u0165.<\/span><span lang=\"X-NONE\" style=\"font-size: 10pt; font-family: 'Segoe UI','sans-serif';\"><strong> Ale ty vytrvaj v tom, \u010do si sa nau\u010dil a \u010do ti je zveren\u00e9.<\/strong> Ve\u010f vie\u0161, od koho si sa to nau\u010dil.<\/span><span lang=\"X-NONE\" style=\"font-size: 10pt; font-family: 'Segoe UI','sans-serif';\"> Od \u00fatleho detstva pozn\u00e1\u0161 Sv\u00e4t\u00e9 p\u00edsma, ktor\u00e9 ti m\u00f4\u017eu da\u0165 pou\u010denie na sp\u00e1su skrze vieru, ktor\u00e1 je v Kristovi Je\u017ei\u0161ovi.<\/span><span lang=\"X-NONE\" style=\"font-size: 10pt; font-family: 'Segoe UI','sans-serif';\"> Cel\u00e9 P\u00edsmo je Bohom vnuknut\u00e9 a u\u017eito\u010dn\u00e9 na po\u00fa\u010danie, na usved\u010dovanie, na n\u00e1pravu a na v\u00fdchovu v spravodlivosti,<\/span><span lang=\"X-NONE\" style=\"font-size: 10pt; font-family: 'Segoe UI','sans-serif';\">aby bol Bo\u017e\u00ed \u010dlovek dokonal\u00fd a pripraven\u00fd na ka\u017ed\u00e9 dobr\u00e9 dielo.<\/span><\/span><\/p>\n","protected":false},"excerpt":{"rendered":"<p>Pred p\u00e1ru mesiacmi (na jar 2013) v\u00a0novin\u00e1ch letela spr\u00e1va, ako sa p\u00e1pe\u017e Franti\u0161ek vyjadril k\u00a0t\u00e9me spasenia ateistov: \u201ev\u0161etci, aj ateisti, boli vyk\u00fapen\u00ed krvou Je\u017ei\u0161a Krista\u201c \u201ev\u0161etci, ktor\u00ed \u010dinia dobro, bud\u00fa vo ve\u010dnom \u017eivote\u201c Vtedy niektor\u00fdmi katol\u00edckymi m\u00e9diami znela reakcia, ktor\u00e1 &hellip; <a href=\"https:\/\/obratenykatolik.sk\/?page_id=629\">Pokra\u010dova\u0165 v \u010d\u00edtan\u00ed <span class=\"meta-nav\">&rarr;<\/span><\/a><\/p>\n","protected":false},"author":1,"featured_media":0,"parent":0,"menu_order":0,"comment_status":"closed","ping_status":"closed","template":"","meta":[],"_links":{"self":[{"href":"https:\/\/obratenykatolik.sk\/index.php?rest_route=\/wp\/v2\/pages\/629"}],"collection":[{"href":"https:\/\/obratenykatolik.sk\/index.php?rest_route=\/wp\/v2\/pages"}],"about":[{"href":"https:\/\/obratenykatolik.sk\/index.php?rest_route=\/wp\/v2\/types\/page"}],"author":[{"embeddable":true,"href":"https:\/\/obratenykatolik.sk\/index.php?rest_route=\/wp\/v2\/users\/1"}],"replies":[{"embeddable":true,"href":"https:\/\/obratenykatolik.sk\/index.php?rest_route=%2Fwp%2Fv2%2Fcomments&post=629"}],"version-history":[{"count":13,"href":"https:\/\/obratenykatolik.sk\/index.php?rest_route=\/wp\/v2\/pages\/629\/revisions"}],"predecessor-version":[{"id":2845,"href":"https:\/\/obratenykatolik.sk\/index.php?rest_route=\/wp\/v2\/pages\/629\/revisions\/2845"}],"wp:attachment":[{"href":"https:\/\/obratenykatolik.sk\/index.php?rest_route=%2Fwp%2Fv2%2Fmedia&parent=629"}],"curies":[{"name":"wp","href":"https:\/\/api.w.org\/{rel}","templated":true}]}}