{"id":517,"date":"2013-02-13T00:08:50","date_gmt":"2013-02-13T00:08:50","guid":{"rendered":"http:\/\/obratenykatolik.sk\/?page_id=517"},"modified":"2018-02-04T16:59:17","modified_gmt":"2018-02-04T16:59:17","slug":"postne-obdobie","status":"publish","type":"page","link":"https:\/\/obratenykatolik.sk\/?page_id=517","title":{"rendered":"P\u00f4st"},"content":{"rendered":"<p>Popolcovou stredou za\u010d\u00edna v\u00a0Katol\u00edckej cirkvi 40 d\u0148ov\u00fd p\u00f4st. Na popolcov\u00fa stredu zvykne do kostola na om\u0161u a\u00a0pomazanie \u010dela popolom pr\u00eds\u0165 hodne \u013eud\u00ed.<\/p>\n<p>K\u0148az na \u010delo \u010dloveka ma\u017ee popolom( z\u00a0predo\u0161lej Ve\u013ekej Noci, z\u00a0Bielej soboty, popolom z\u00a0bahniatok) kaj\u00facnikovi na \u010delo znak kr\u00ed\u017ea. Pritom hovor\u00ed jednu z\u00a0t\u00fdchto dvoch formul\u00e1ci\u00ed:<\/p>\n<p>Pam\u00e4taj, \u017ee si prach a\u00a0na prach sa obr\u00e1ti\u0161.<\/p>\n<p>Kajajte sa a\u00a0verte evanjeliu.<\/p>\n<p>Rozoberme si tento znak kaj\u00facnosti.<\/p>\n<p>E\u0161te ke\u010f som bol katol\u00edk, prekvapovalo mnoho zbo\u017en\u00fdch katol\u00edkov mno\u017estvo \u013eud\u00ed, ktor\u00ed sa pri\u0161li da\u0165 pomaza\u0165 popolom. Srandovalo sa, \u017ee to ber\u00fa ako sviatos\u0165. Ale teraz v\u00e1\u017ene. V\u00e1\u017ene idem rozobera\u0165 slov\u00e1, ktor\u00e9 sa vyslovuj\u00fa pri mazan\u00ed \u010dela popolom.<\/p>\n<h2><strong>\u201ePam\u00e4taj, \u017ee si prach a\u00a0na prach sa obr\u00e1ti\u0161:\u201c <\/strong><\/h2>\n<p>Ke\u010f som sa ja \u0161iel da\u0165 pomaza\u0165 popolom, v\u017edy som v\u00a0duchu chcel, aby mi k\u0148az pri mazan\u00ed popolom t\u00fato formul\u00e1ciu nepovedal. Pripadala mi tak\u00e1 pohrebn\u00e1, tak\u00e1 depres\u00edvna. Teraz ke\u010f sa nad \u0148ou zam\u00fd\u0161\u013eam, mysl\u00edm si, \u017ee je to nevhodn\u00e1 formul\u00e1cia vysloven\u00e1 pre \u010dloveka, ktor\u00e1 nem\u00e1 s\u00a0Novoz\u00e1konn\u00fdm \u013eudom ni\u010d spolo\u010dn\u00e9. Je naozaj sk\u013eu\u010duj\u00faca a\u00a0bez vyjadrenia n\u00e1deje.<\/p>\n<h2><strong>\u201eKajajte sa a\u00a0verte evanjeliu\u201c<\/strong><\/h2>\n<p>T\u00fato formulku som t\u00fa\u017eil v\u00a0duchu pri mazan\u00ed popolom po\u010du\u0165. Aj som ju na\u0161\u0165astie po\u010dul zaka\u017ed\u00fdm. Teraz ke\u010f sa nad \u0148ou zam\u00fd\u0161\u013eam, je to \u00fa\u017easn\u00e1 formulka pre Novoz\u00e1konn\u00fd \u013eud. Probl\u00e9m je ale v\u00a0tom, \u017ee na popolcov\u00fa stredu zves\u0165 evanjelia \u2013 zves\u0165 Bo\u017eej z\u00e1chrany \u010dloveka v\u00a0katol\u00edckych kostoloch v\u00f4bec nepo\u010du\u0165. Tak som si potom v\u017edy myslel, \u017ee je to veri\u0165 Marekovi Mat\u00fa\u0161ovi, Luk\u00e1\u0161ovi a\u00a0J\u00e1novi. \u017de je to veri\u0165 v\u0161etk\u00fdm \u010d\u00edtaniam \u0161tyroch evanjeli\u00ed. Ke\u010f\u017ee katol\u00edcki predstaven\u00ed nepoznaj\u00fa a\u00a0nezvestuj\u00fa\u00a0 zves\u0165 evanjelia, tak oni, aj \u013eudia si o\u00a0tom, \u010do je evanjelium v\u017edy mylne dom\u00fd\u0161\u013eaj\u00fa nespr\u00e1vne z\u00e1very. A\u00a0preto evanjeliu ani nem\u00f4\u017eu ani oni ani \u013eud veri\u0165. A\u00a0preto v\u00a0katol\u00edckej cirkvi niet spasen\u00fdch \u013eud\u00ed. A\u00a0preto katol\u00edci neveria dielu Je\u017ei\u0161a Krista, lebo po\u010d\u00favaj\u00fa in\u00fa, \u013eudsk\u00fa zves\u0165 sp\u00e1sy a\u00a0z\u00e1chrany, ako n\u00e1m ju Boh v\u00a0Biblii dal. In\u00fa, ako ju Je\u017ei\u0161 Kristus vykonal.<\/p>\n<h2><strong>\u010co znamen\u00e1 pod\u013ea Bo\u017eieho slova \u201everi\u0165 evanjeliu\u201c? <\/strong><\/h2>\n<p><strong>Rozoberiem evanjeliov\u00fa zves\u0165 pod\u013ea Kr\u00e9da, ktor\u00e9 hlasne vyslovuj\u00fa katol\u00edci v\u00a0kostole ka\u017ed\u00fa nede\u013eu. <\/strong><\/p>\n<p>Ver\u00ed\u0161, \u017ee Je\u017ei\u0161 Kristus je Boh, ktor\u00fd pri\u0161iel na svet, aby vyk\u00fapil \u010dloveka?<\/p>\n<p>Ver\u00ed\u0161, \u017ee Je\u017ei\u0161 Kristus sa po\u010dal z\u00a0Ducha Sv\u00e4t\u00e9ho a\u00a0vzal si telo z\u00a0M\u00e1rie Panny a\u00a0stal sa \u010dlovekom?<\/p>\n<p>Ver\u00ed\u0161 \u017ee bol za teba ukri\u017eovan\u00fd, teda trpel za tvoje hriechy?<\/p>\n<p>Ver\u00ed\u0161, \u017ee vstal zm\u0155tvych?<\/p>\n<p>Ver\u00ed\u0161 \u017ee vyst\u00fapil na nebesia a\u00a0sed\u00ed po pravici Otca a\u00a0odtia\u013e pr\u00edde s\u00fadi\u0165 \u017eiv\u00fdch a\u00a0m\u0155tvych.<\/p>\n<p>Ver\u00ed\u0161 v\u00a0jednu cirkev?<\/p>\n<p>Ver\u00ed\u0161 v\u00a0spolo\u010denstvo sv\u00e4t\u00fdch?<\/p>\n<p>Vyzn\u00e1va\u0161 jeden krst?<\/p>\n<p>O\u010dak\u00e1va\u0161 vzkriesenie m\u0155tvych a\u00a0bud\u00faci \u017eivot?<\/p>\n<p>Ver\u00ed\u0161 v\u00a0odpustenie hriechov?<\/p>\n<p>Toto vyznanie som aj ja \u00fastami tis\u00edckr\u00e1t vyzn\u00e1val. A\u00a0naozaj som tomu aj veril? \u00a0Ja som si myslel, \u017ee \u00c1no. No ke\u010f som uveril v\u00a0evanjelium, tak smelo sa prizn\u00e1vam, \u017ee v\u00a0mojom srdci som tomu neveril.<\/p>\n<p>Po\u010fme si tieto ot\u00e1zky rozobra\u0165:<\/p>\n<h2><strong>Ver\u00ed\u0161, \u017ee Je\u017ei\u0161 Kristus je Boh, ktor\u00fd pri\u0161iel na svet, aby vyk\u00fapil z\u00a0hriechu \u010dloveka? <\/strong><\/h2>\n<p>Ak ver\u00ed\u0161, \u017ee existuje Boh, nemal by si in\u00fdch bohov. Ak ver\u00ed\u0161 \u017ee Je\u017ei\u0161 Kristus je Boh, nemodlil by si sa k\u00a0t\u00fdm, \u010do nepo\u010duj\u00fa a\u00a0hovori\u0165 nem\u00f4\u017eu. Nemodlil \u00a0by si sa a\u00a0neprosil by si stvorenia, drevo, odliatky, aby ti z\u00edskali Bo\u017eiu priaze\u0148. Ak ver\u00ed\u0161, \u017ee existuje Boh, tak by si ho dal vo svojom \u017eivote na prv\u00e9 miesto, lebo Boh nestvoril \u010dloveka na to, aby \u0161iel za svojimi pl\u00e1nmi, svojou kari\u00e9rou, ale aby \u010dlovek plnil Bo\u017eie pl\u00e1ny. Boh ti daroval \u017eivot preto, aby si ho \u017eil pre\u0148ho a\u00a0aby si ve\u010dn\u00fd \u017eivot \u017eil s\u00a0n\u00edm.<\/p>\n<p><span style=\"color: #ff0000;\"><strong>Jn 3:16 <\/strong>Ve\u010f Boh tak miloval svet, \u017ee dal svojho jednoroden\u00e9ho Syna, aby nezahynul nik, kto v neho ver\u00ed, ale aby mal ve\u010dn\u00fd \u017eivot.<\/span><strong><\/strong><\/p>\n<p><strong>\u00a0<\/strong><\/p>\n<p><strong>Ver\u00ed\u0161, \u017ee Je\u017ei\u0161 Kristus sa po\u010dal z\u00a0Ducha Sv\u00e4t\u00e9ho a\u00a0vzal si telo z\u00a0M\u00e1rie panny (pozor <span style=\"text-decoration: underline;\">P<\/span>anna <span style=\"text-decoration: underline;\">M<\/span>\u00e1ria je niekto in\u00fd) a\u00a0stal sa \u010dlovekom?<\/strong><\/p>\n<p>Pre\u010do sa Kristus stal \u010dlovekom? Aby pre\u017eil v\u0161etky tvoje \u013eudsk\u00e9 boje, tr\u00e1penia, aby naplnil za teba z\u00e1kon, ktor\u00fd nie si schopn\u00fd plni\u0165. \u00a0Aby v\u0161etko urobil ON za teba, aby \u010dlovek u\u017e nepotreboval viac k\u0148azov, \u010di\u017ee \u010dloveka na sprostredkovanie Boha, Bo\u017eej milosti a\u00a0po\u017eehnania. Aby sme v\u0161etko mali v \u0147om a skrze Neho.<\/p>\n<h2><strong>Ver\u00ed\u0161 \u017ee bol za teba ukri\u017eovan\u00fd, teda trpel za tvoje hriechy?<\/strong><\/h2>\n<p>Ka\u017edodenn\u00e1 staroz\u00e1konn\u00e1 k\u0148azsk\u00e1 obe\u0165 nemohla odstr\u00e1ni\u0165 hriechy \u013eudu. Bola to ustavi\u010dn\u00e1, obe\u0165, ktor\u00e1, keby nie Krista, trvala by ka\u017edodenne do konca vekov a\u00a0aj tak by nikdy dokonale neuzmierila \u010dloveka s\u00a0Bohom.<\/p>\n<p>Preto Boh n\u00e1m dal svojho Syna, aby On jedinou dostato\u010dnou a\u00a0dokonalou obetou uzmieril \u010dloveka s\u00a0Bohom Zru\u0161il ustavi\u010dn\u00fa ka\u017edodenn\u00fa obe\u0165, aby jedinou svojou obe\u0165ou odstr\u00e1nil hriechy \u013eudu raz a\u00a0nav\u017edy. Jedinou obe\u0165ou za n\u00e1s Bohu u\u010dinil zados\u0165. Preto u\u017e nie s\u00fa potrebn\u00e9 obete om\u0161e. Kristus svojou jedinou obe\u0165ou nahradil v\u0161etk\u00fdch k\u0148azov a\u00a0Ve\u013ek\u0148azov tak, \u017ee u\u017e ich netreba.<\/p>\n<p>Obete om\u0161e sa nekonali 1215 rokov. Ale \u010dlovek, vo svojej p\u00fdche odmietol Kristovu dostato\u010dn\u00fa obe\u0165, odmietol jedin\u00e9 prostredn\u00edctvo a\u00a0postavil sa namiesto Krista, aby zasa ka\u017edodenne uzmieroval \u010dloveka s\u00a0Bohom, aby slab\u00fd \u013eudsk\u00fd hrie\u0161ny \u010dlovek bol prostredn\u00edkom medzi Bohom a\u00a0\u013eu\u010fmi.<\/p>\n<p>Preto ak hovor\u00ed\u0161, \u017ee bol za teba ukri\u017eovan\u00fd Je\u017ei\u0161 Kristus, teda za teba a\u00a0za tvoje hriechy no ak skutkami kon\u00e1\u0161 opak, klame\u0161 Boha aj s\u00e1m seba. Lebo ak Kristus naozaj zomrel a\u00a0trpel za tvoje hriechy, ak \u0165a z\u00a0nich naozaj vyk\u00fapil, tak u\u017e neexistuj\u00fa. No ty svojimi skutkami dokazuje\u0161, \u017ee tomu never\u00ed\u0161. Chod\u00ed\u0161 na om\u0161e, kde sa \u201eMus\u00ed\u201c ka\u017edodenne zasa Kristus obetova\u0165, aby si bol ka\u017edodenne uzmierovan\u00fd s\u00a0Bohom. Tvoje skutky dosved\u010duj\u00fa, \u017ee odmieta\u0161 Krista a\u00a0ide\u0161 za \u010dlovekom \u2013 k\u0148azom.<\/p>\n<p>Ak ver\u00ed\u0161, \u017ee Boh zomrel za tvoje hriechy, ne\u0161iel by si so svojimi hriechmi do spovednice za \u010dlovekom, ale rovno za Bohom. Aj keby \u0165a k\u0148az neviem ako uis\u0165oval, \u017ee m\u00e1\u0161 odpusten\u00e9 hriechy, on nevid\u00ed do tvojho srdca.<\/p>\n<p>Ak chce\u0161 veri\u0165 naozaj, \u017ee Je\u017ei\u0161 Kristus je Boh, nepotrebuje\u0161 k\u00a0tomu \u017eiadneho k\u0148aza, ani \u010dloveka, aby ti spojenie s\u00a0Bohom sprostredkoval. \u017diadny \u010dlovek ti nem\u00f4\u017ee od Boha ni\u010d sprostredkova\u0165, tob\u00f4\u017e, nie \u017eiadnymi modlitebn\u00fdmi formulkami a\u00a0vonkaj\u0161\u00edmi znakmi. Nie sme v\u00a0Starom z\u00e1kone. Sme v\u00a0Novom z\u00e1kone. K\u00fdm v\u00a0Starom z\u00e1kone v\u0161etko medzi Bohom a\u00a0\u010dlovekom vykon\u00e1vali k\u0148azi, v\u00a0Novom z\u00e1kone v\u0161etko medzi Bohom a\u00a0\u010dlovekom vykonal posledn\u00fd k\u0148az a\u00a0Ve\u013ek\u0148az Je\u017ei\u0161 Kristus. A\u00a0preto ten, kto v\u00a0neho ver\u00ed m\u00e1 s\u00a0n\u00edm aj osobn\u00fd vz\u0165ah.<\/p>\n<p>Ak m\u00e1\u0161 osobn\u00fd vz\u0165ah s\u00a0Bohom, tak \u017eije\u0161 Nov\u00fd z\u00e1kon Ducha:<\/p>\n<p>Bo\u017e\u00edm chr\u00e1mom si ty a\u00a0nepotrebuje\u0161 h\u013eada\u0165 Boha v\u00a0kamennej budove v\u00a0nejakej malej b\u00fadke.<\/p>\n<p>Klania\u0161 sa Bohu v\u00a0Duchu a\u00a0pravde na ka\u017edom mieste, nie v\u00a0kamennej budove, nie p\u0161eni\u010dn\u00e9mu chlebu.<\/p>\n<p>Bo\u017e\u00ed Duch je ten, ktor\u00fd o\u017eivuje, ktor\u00fd \u010dloveka rob\u00ed znovuzroden\u00fdm a\u00a0ktor\u00fd je vo veriacom \u010dlovekovi.<\/p>\n<p>To \u010do ako katol\u00edk som h\u013eadal u\u00a0k\u0148aza a\u00a0nenach\u00e1dzal som, to mi teraz v\u0161etko d\u00e1va Bo\u017e\u00ed Duch, ktor\u00fd je vo mne a\u00a0vo v\u0161etkom ma utvrdzuje. \u010ci je to odpustenie hriechov, \u010di kontakt s\u00a0Bohom, \u010di mi d\u00e1va pozna\u0165 svoje ve\u010dn\u00e9 slovo &#8211; Sv\u00e4t\u00e9 P\u00edsmo&#8230;<\/p>\n<p>Bez Ducha nerozumie\u0161 P\u00edsmu, je ti zahalen\u00e9.<\/p>\n<p>Nepotrebuje\u0161 k\u0148aza ako prostredn\u00edka medzi Bohom a\u00a0tebou, ale Je\u017ei\u0161a Krista. \u00a0Lebo to, \u010do sa sna\u017e\u00ed ka\u017ed\u00fd de\u0148 vykon\u00e1va\u0165 k\u0148az, sprostredkova\u0165 ti Boha, kontakt s\u00a0Bohom, to je v\u0161etko len falo\u0161n\u00e1 hra falo\u0161n\u00e9ho evanjelia.<\/p>\n<p>Potrebuje\u0161 Je\u017ei\u0161a Krista, aby ti odpustil v\u0161etky tvoje hriechy, t\u00fdm mysl\u00edm v\u0161etky, \u010do si sp\u00e1chal od mali\u010dka, teda aj v\u0161etky \u010do si k\u0148azovi vyznal. Je\u017ei\u0161 je prostredn\u00edk\u00a0 medzi Bohom a\u00a0tebou a\u00a0iba skrze neho m\u00f4\u017ee\u0161 ma\u0165 v\u0161etky hriechy odpusten\u00e9, dokonca e\u0161te aj tie, ktor\u00e9 vykon\u00e1\u0161 do svojej smrti, lebo Je\u017ei\u0161 za tieto hriechy u\u017e zaplatil a\u00a0zados\u0165u\u010dinil Bohu za ne.<\/p>\n<p>Ver\u00ed\u0161 teda v\u00a0Je\u017ei\u0161a Krista a\u00a0jeho vyk\u00fapenie, alebo ver\u00ed\u0161 v\u00a0k\u0148azov, biskupov, p\u00e1pe\u017ea, bez ktor\u00fdch vyk\u00fapenie by pre teba nebolo? Mus\u00ed\u0161 si vybra\u0165 \u2013 Bu\u010f naozaj skutkami dok\u00e1\u017ee\u0161 svoju vieru, alebo ju \u00fastami vyzn\u00e1\u0161 a\u00a0skutkami poprie\u0161.<\/p>\n<h2><strong>Ver\u00ed\u0161, \u017ee vstal zm\u0155tvych?<\/strong><\/h2>\n<p>Je\u017ei\u0161 Kristus vstal zm\u0155tvych pre potvrdenie P\u00edsma a pre na\u0161e ospravedlnenie (Rim 4,25)<\/p>\n<p>Veri\u0165 vzkrieseniu zm\u0155tvych znamen\u00e1 veri\u0165, \u017ee si ospravedlnen\u00fd pred Bohom skrze Je\u017ei\u0161a Krista. Veri\u0165 \u017ee ke\u010f kr\u00ed\u017eom boli zmazan\u00e9 tvoje hriechy, tak zm\u0155tvychvstan\u00edm je potvrden\u00e9, \u017ee si pred Bohom ospravedlnen\u00fd. Si teda pred Bohom ako tak\u00fd, ktor\u00fd nikdy nezhre\u0161il, \u010di\u017ee si spravodliv\u00fd.<\/p>\n<p>Ak teda \u00fastami vyzn\u00e1va\u0161, \u017ee ver\u00ed\u0161, \u017ee Kristus vstal zm\u0155tvych a\u00a0v\u00a0srdci never\u00ed\u0161, \u017ee si pred Bohom ospravedlnen\u00fd, zasa len klame\u0161 Boha, lebo never\u00ed\u0161 jeho slovu a\u00a0klame\u0161 aj s\u00e1m seba.<\/p>\n<p>A\u00a0ak si ospravedlnen\u00fd, neexistuje u\u017e pre teba ve\u010dn\u00e9 zatratenie, \u010di\u017ee peklo. Zm\u0155tvychvstanie je v\u00ed\u0165azstvo \u017eivota nad smr\u0165ou a\u00a0uveren\u00edm tomu si sa postavil na stranu v\u00ed\u0165aza. Ten \u0165a zaodel jeho spravodlivos\u0165ou, ktor\u00e1 \u0165a rob\u00ed ospravedlnen\u00fdm pred Bohom.<\/p>\n<p>Ak si ospravedlnen\u00fd, je Bo\u017e\u00ed Duch v\u00a0tebe, si v\u00a0Kristovi, ktor\u00fd za teba odtrpel tvoje hriechy. Si Kristov\u00fdm telom, si zape\u010daten\u00fd jeho duchom na de\u0148 vyk\u00fapenia. \u010ci\u017ee pe\u010da\u0165 Bo\u017eieho Ducha \u0165a rob\u00ed Bo\u017e\u00edm die\u0165a\u0165om naveky, u\u017e pre teba neexistuje ods\u00fadenie.<\/p>\n<p>To by bol Boh klam\u00e1r, keby ods\u00fadil ospravedlnen\u00e9ho \u010dloveka.<\/p>\n<h2><strong>Ver\u00ed\u0161 \u017ee vyst\u00fapil na nebesia a\u00a0sed\u00ed po pravici Otca a\u00a0odtia\u013e pr\u00edde s\u00fadi\u0165 \u017eiv\u00fdch a\u00a0m\u0155tvych?<\/strong><\/h2>\n<p>Ver\u00ed\u0161, \u017ee vyst\u00fapil na nebesia a\u00a0sed\u00ed po pravici Otca, alebo ver\u00ed\u0161, \u017ee ka\u017edodenne zostupuje z\u00a0nebies do k\u0148azov\u00fdch r\u00fak? \u00dastami vyzn\u00e1va\u0161, \u010do skutkami popiera\u0161?<\/p>\n<p>To, \u017ee sed\u00ed po pravici Otca znamen\u00e1, \u017ee v\u0161etko, \u010do bolo potrebn\u00e9 spravi\u0165, bolo spraven\u00e9. Aj ty, ke\u010f v\u0161etko potrebn\u00e9 sprav\u00ed\u0161, sadne\u0161 si. A\u00a0nikto \u0165a z\u00a0tej stoli\u010dky nem\u00f4\u017ee ka\u017edodenne vola\u0165, aby si nie\u010do urobil, \u010do u\u017e bolo spraven\u00e9 predt\u00fdm, ako si si zasadol!<\/p>\n<p>Preto Je\u017ei\u0161 sa znova nem\u00f4\u017ee denne nekrvavo obetova\u0165. A\u00a0denne sch\u00e1dza\u0165 na st\u00e1tis\u00edce olt\u00e1rov cel\u00e9ho sveta. Nem\u00f4\u017ee by\u0165 z\u00e1rove\u0148 zavret\u00fd v\u00a0mal\u00fdch b\u00fadkach a\u00a0z\u00e1rove\u0148 sch\u00e1dza\u0165 z\u00a0neba.<\/p>\n<p>\u00dastami vyzn\u00e1va\u0161, \u017ee z\u00a0neba pr\u00edde s\u00fadi\u0165 \u017eiv\u00fdch a\u00a0m\u0155tvych. A\u00a0t\u00fdm \u017ee ide\u0161 na om\u0161u popiera\u0161 toto slovo, lebo tam ho k\u0148az s\u0165ahuje z\u00a0neba dole a\u00a0zatv\u00e1ra do b\u00fadky ako nejak\u00e9 zvieratko.<\/p>\n<p>Ten kto ver\u00ed evanjeliu, u\u017e prijal Je\u017ei\u0161a Krista do svojho srdca a\u00a0On je v\u00a0\u0148om nav\u017edy svojim Duchom. Je\u017ei\u0161ovo telo sed\u00ed po pravici Otca a\u00a0teda u\u017e len raz ho pozem\u0161\u0165ania uvidia vo svojom tele \u2013 ke\u010f pr\u00edde s\u00fadi\u0165 \u017eiv\u00fdch a\u00a0m\u0155tvych.<\/p>\n<h2><strong>Ver\u00ed\u0161 v\u00a0jednu cirkev?<\/strong><\/h2>\n<p>A\u00a0zasa sme pri Duchu. Je naozaj jedna cirkev, cirkev Kristova. Cirkev, v\u00a0ktorej s\u00fa \u010dlenovia duchovne za\u010dlenen\u00ed do Kristovho tela, ktorej u\u010denie je jedine z\u00a0Biblie. \u00a0Kristus nem\u00e1 in\u00fa cirkev. Ty ale ver\u00ed\u0161 v\u00a0jednu R\u00edmskokatol\u00edcku cirkev a\u00a0jej u\u010denie. Zasa popiera\u0161 to, \u010do \u00fastami nahlas vyzn\u00e1va\u0161.<\/p>\n<p>Ke\u010f\u017ee je veriaci \u010dlovek v\u00a0Kristovej cirkvi, je v\u00a0Kristovi, nem\u00f4\u017ee zahyn\u00fa\u0165. Kristus za\u0148ho trpel a\u00a0teda Veriaci u\u017e nebude v\u00f4bec trpie\u0165 za svoje hriechy, lebo je v\u00a0Kristovi, ktor\u00fd to u\u017e spravil. Veriaci kres\u0165an \u017eije v\u00a0pokoji s\u00a0Bohom:<\/p>\n<p><span style=\"color: #ff0000;\"><strong>Rim 5:1<\/strong><strong>-2 <\/strong>A tak ospravedlnen\u00ed z viery, \u017eijeme v pokoji s Bohom skrze n\u00e1\u0161ho P\u00e1na Je\u017ei\u0161a Krista.<strong> <\/strong>Skrze neho m\u00e1me vierou pr\u00edstup k tej milosti, v ktorej zotrv\u00e1vame, aj sa chv\u00e1lime n\u00e1dejou na Bo\u017eiu sl\u00e1vu.<\/span><strong><\/strong><\/p>\n<p>\u010clen Kristovej cirkvi m\u00e1 pokoj vo vn\u00fatri, ktor\u00fd m\u00f4\u017ee da\u0165 iba Boh a\u00a0chv\u00e1li sa svojou n\u00e1dejou, \u017ee \u017eije a\u00a0bude \u017ei\u0165 ve\u010dn\u00fd \u017eivot. Bo\u017e\u00ed Duch v\u00a0\u0148om ho ubezpe\u010duje \u017ee mu patria v\u0161etky Bo\u017eie zas\u013e\u00fabenia a\u00a0\u017ee do peklo nie je pre\u0148ho.<\/p>\n<p>R\u00edmskokatol\u00edk je vo svojej cirkvi, ktor\u00e1 \u017eia\u013e nie je Kristova. Jeho cirkev mu nedok\u00e1\u017ee zabezpe\u010di\u0165 ve\u010dn\u00fd \u017eivot, nech sa k\u0148azi om\u0161ami akoko\u013evek sna\u017eia, alebo nech sa ktoko\u013evek svojimi skutkami akoko\u013evek sna\u017e\u00ed, nikto mu nezaru\u010d\u00ed ve\u010dn\u00fd \u017eivot. R\u00edmskokatol\u00edk nikdy nebude v\u00a0sebe ma\u0165 pokoj so zmierenia s\u00a0Bohom a\u00a0teda nem\u00e1 sa \u010d\u00edm chv\u00e1li\u0165. A\u00a0ke\u010f\u017ee sa nem\u00e1 \u010d\u00edm chv\u00e1li\u0165 v\u00a0jeho du\u0161i je strach a\u00a0nepokoj z\u00a0toho, kde vo ve\u010dnosti p\u00f4jde. Ke\u010f\u017ee RKC mu nem\u00f4\u017ee zabezpe\u010di\u0165 nebo, prinajlep\u0161om ho ute\u0161uje, \u017ee bude trpie\u0165 v\u00a0o\u010distci.<\/p>\n<p>Ak chce\u0161 veri\u0165 v\u00a0jednu cirkev, tak je to jedine Kristova, ktorej matriku vedie Duch Sv\u00e4t\u00fd. Ak do nej vst\u00fapi\u0161, Boh ti to Duchom potvrd\u00ed, \u017ee si v\u00a0nej. Jedine skrze Kristovu cirkev dosiahne\u0161 sp\u00e1su.<\/p>\n<h2><strong>Ver\u00ed\u0161 v\u00a0spolo\u010denstvo sv\u00e4t\u00fdch?<\/strong><\/h2>\n<p>Veri\u0165 v\u00a0spolo\u010denstvo sv\u00e4t\u00fdch znamen\u00e1 pod\u013ea Bo\u017eieho slova veri\u0165 v\u00a0Kristovo duchovn\u00e9 telo, v\u00a0ktorom s\u00fa v\u0161etci, \u010do uverili evanjeliu. Listy apo\u0161tolov \u0165a m\u00f4\u017eu ubezpe\u010di\u0165, \u017ee sv\u00e4t\u00fd je ka\u017ed\u00fd, kto uveril evanjeliu.<\/p>\n<p>Ak ver\u00ed\u0161 v\u00a0in\u00e9 spolo\u010denstvo sv\u00e4t\u00fdch, ktor\u00e9 je definovan\u00e9 Katol\u00edckou n\u00e1ukou, zasa popiera\u0161 nie\u010do, \u010do slovami v\u00a0kostole nahlas rozpr\u00e1va\u0161.<\/p>\n<h2><strong>Vyzn\u00e1va\u0161 jeden krst?<\/strong><\/h2>\n<p>Spr\u00e1vne povedan\u00e9 \u2013 vyzn\u00e1va\u0161 jedno ponorenie? By\u0165 pokrsten\u00fd znamen\u00e1 by\u0165 ponoren\u00fd. Pod\u013ea P\u00edsma krst\u00ed sa len ten, \u010do u\u017e uveril evanjeliu. Vyzn\u00e1va\u0161 tento krst? Ak nie zasa slovami hovor\u00ed\u0161 nie\u010do, \u010do skutkami popiera\u0161.<\/p>\n<h2><strong>O\u010dak\u00e1va\u0161 vzkriesenie m\u0155tvych a\u00a0bud\u00faci \u017eivot?<\/strong><\/h2>\n<p>O\u010dak\u00e1va\u0161, \u017ee tvoje telo bude vzkriesen\u00e9 v\u00a0posledn\u00fd de\u0148? O\u010dak\u00e1va\u0161 ve\u010dn\u00fd \u017eivot?<\/p>\n<p>Ak \u00e1no, u\u017e svoj \u017eivot na zemi \u017eije\u0161 tak, aby si bol pripraven\u00fd tu a\u00a0teraz opusti\u0165 tento svet. \u017dije\u0161 v\u00a0tomto svete, ale tak, ako keby si v\u00a0tomto svete ani ne\u017eil. Si v\u00a0o\u010dak\u00e1van\u00ed ve\u010dn\u00e9ho \u017eivota, ktor\u00fd bude lep\u0161\u00ed, v\u00a0ktorom nebude bolesti, tr\u00e1penia a\u00a0\u017eia\u013eu. Preto v\u0161etko rob\u00ed\u0161 pre to, aby si bol smerovan\u00fd smerom k\u00a0ve\u010dn\u00e9mu \u017eivotu. Rob\u00ed\u0161 v\u0161etko preto, aby aj tvoji bl\u00edzki boli smerovan\u00ed k\u00a0tomuto \u017eivotu.<\/p>\n<p>Presnej\u0161ie povedan\u00e9, v\u00a0Kr\u00e9de \u00a0vyzn\u00e1va\u0161, \u017ee o\u010dak\u00e1va\u0161 \u017eivot bud\u00faceho veku. Ak naozaj skutkami potvrdzuje\u0161 to, \u010do \u00fastami nahlas vyzn\u00e1va\u0161, pr\u00e1vom o\u010dak\u00e1va\u0161 \u017eivot bud\u00faceho veku. Ak never\u00ed\u0161 tomu, a\u00a0nepotvrdzuje\u0161 skutkami, \u010do nahlas vyzn\u00e1va\u0161, klame\u0161 s\u00e1m seba a\u00a0ak neuver\u00ed\u0161 evanjeliu si bl\u00edzko \u017eivota vo ve\u010dnom tr\u00e1pen\u00ed.<\/p>\n<h2><strong>Kajaj sa a\u00a0ver evanjeliu.<\/strong><\/h2>\n<p>Kajaj sa a\u00a0never u\u010deniu, ktor\u00e9 je falo\u0161n\u00e9 evanjelium.<\/p>\n<p>E\u0161te st\u00e1le m\u00e1\u0161 mo\u017enos\u0165 dnes sa kaja\u0165 a\u00a0veri\u0165 evanjeliu. Pros teda Bo\u017eieho Ducha, aby ti dal spozna\u0165 Bo\u017eie evanjelium a\u00a0aby si z\u00edskal ve\u010dn\u00fd \u017eivot. Zriekni sa Katol\u00edckej cesty sp\u00e1sy, ktor\u00e1 \u0165a nedovedie do ve\u010dn\u00e9ho \u017eivota. Prijmi Bo\u017eiu ponuku. Prijmi evanjelium \u2013 prijmi Kristovu jedin\u00fa a\u00a0dostato\u010dn\u00fa obe\u0165 za tvoje hriechy. Prijmi Kristove ve\u010dn\u00e9 k\u0148azstvo. Uver tomu, \u017ee u\u017e Kristus pred 2000 rokmi odtrpel a\u00a0od\u010dinil tvoje hriechy.<\/p>\n<p>Modl\u00edm sa za to. Ras\u0165o.<\/p>\n<p>&nbsp;<\/p>\n<p>PS: maza\u0165 sa popolom, zrieka\u0165 sa jedla, obetova\u0165 sa nem\u00e1 \u017eiaden zmysel, pokia\u013e si neuveril. Na Boha sa t\u00fdmito skutkami \u00a0ned\u00e1 zap\u00f4sobi\u0165. Ak\u00e1ko\u013evek obeta pred Bohom nem\u00e1 v\u00fdznam pokia\u013e \u010dlovek neuver\u00ed evanjeliu.<\/p>\n<p>&nbsp;<\/p>\n<h2>Ak\u00fd je spr\u00e1vny zmysel p\u00f4stu?<\/h2>\n<p><strong><span style=\"color: #ff0000;\">\u00a0Iz 58:5-6 M\u00e1 sa \u010dlovek um\u0155tvova\u0165 cel\u00fd de\u0148? Vykr\u00faca\u0165 si dookola hlavu a vrecovinou i popolom si ustiela\u0165? \u010ci toto nazve\u0161 p\u00f4stom a d\u0148om mil\u00fdm Bohu? \u010ci nie to je p\u00f4st, ktor\u00fd sa mi \u013e\u00fabi, ke\u010f rozvia\u017eete zv\u00e4zky zlo\u010dinn\u00e9 a roztvor\u00edte zvieraj\u00face put\u00e1, prepust\u00edte zlomen\u00fdch na slobodu a rozl\u00e1mete ka\u017ed\u00e9 jarmo?<\/span><\/strong><\/p>\n<p><strong>Prav\u00fd zmysel p\u00f4stu je zvestova\u0165 evanjelium t\u00fdm, \u010do s\u00fa pod jarmom hriechu. Zvestova\u0165 Kristove dielo:<\/strong><\/p>\n<p><strong><span style=\"color: #ff0000;\">Lk 4:18\u00a0 \u201eDuch P\u00e1na je nado mnou, lebo ma pomazal, aby som hl\u00e1sal evanjelium chudobn\u00fdm. Poslal ma ozn\u00e1mi\u0165 zajat\u00fdm, \u017ee bud\u00fa prepusten\u00ed, a slep\u00fdm, \u017ee bud\u00fa vidie\u0165; utl\u00e1\u010dan\u00fdch prepusti\u0165 na slobodu <\/span><br \/>\n<span style=\"color: #ff0000;\">a ohl\u00e1si\u0165 P\u00e1nov milostiv\u00fd rok.\u201c<\/span><\/strong><\/p>\n<h2>\u00a0Ak\u00fd je prav\u00fd zmysel pok\u00e1nia?<\/h2>\n<p>Prav\u00fd zmysel pok\u00e1nia je ZMENA ZM\u00dd\u0160\u013dANIA.<\/p>\n<p>Ten, kto nen\u00e1vid\u00ed Pravdu\u00a0 &#8211; Satan chce, aby si zostal v klamstve, v ktorom si od mali\u010dka vyrastal. Aby si veril \u013eu\u010fom, \u013eudskej organiz\u00e1cii, ktor\u00e1 sa naz\u00fdva cirkevnou, aby si sa spoliehal na \u013eud\u00ed, ke\u010f chce\u0161 by\u0165 spasen\u00fd.<\/p>\n<p>Bo\u017eie slovo je pravda. Je to Bo\u017eia pravda. Katol\u00edcka cirkev autoritu tohoto slova d\u00e1vno spochyb\u0148uje a \u013eudsk\u00fdmi u\u010deniami, ktor\u00e9 d\u00e1va nad Bo\u017eie slovo degraduje Bo\u017eie u\u010denie. Namiesto uctievania IBA Boha, uctieva aj \u013eud\u00ed. Boh si vy\u017eaduje v\u0161etku \u00factu, sl\u00e1vu a chv\u00e1lu.<\/p>\n<p>Ak teda chce\u0161 pred Bohom vykona\u0165 spr\u00e1vne pok\u00e1nie, ZME\u0147 svoje zm\u00fd\u0161\u013eanie. To, \u010do si doteraz pova\u017eoval za prav\u00fa cirkev, prav\u00e9 uctievanie Boha za\u010dni porovn\u00e1va\u0165 s Bo\u017e\u00edm slovom a h\u013eadaj, \u010do Boh hovor\u00ed o pravej cirkvi a pravom uctievan\u00ed. ODVR\u00c1\u0164 sa od modiel, odvr\u00e1\u0165 sa od uctievania Kr\u00e1\u013eovnej nebies, odvr\u00e1\u0165 sa od uctievania \u010dloveka &#8211; \u010di\u017ee sv\u00e4t\u00fdch. Odvr\u00e1\u0165 sa od uctievania a kla\u0148ania sa opl\u00e1tke&#8230; Ak si si doteraz myslel, \u017ee ti to pom\u00f4\u017ee k sp\u00e1se a vid\u00ed\u0161 pod\u013ea Biblie \u017ee je to klam, s \u010dist\u00fdm svedom\u00edm to zavrhni a prijmi l\u00e1sku k PRAVDE, k Bo\u017eiemu slovu. Uver Bo\u017eiemu slovu, uver evanjeliu.<\/p>\n<p>Toto je prav\u00e9 pok\u00e1nie, ktor\u00e9 od teba \u010dak\u00e1 Boh. Nepotrebuje\u0161 k tomu znak popola na \u010delo, ale VIERU.<\/p>\n<p>To \u010do si doteraz iba \u00fastami vyzn\u00e1val v Kr\u00e9de, prenes do svojich skutkov.<\/p>\n<p>&nbsp;<\/p>\n","protected":false},"excerpt":{"rendered":"<p>Popolcovou stredou za\u010d\u00edna v\u00a0Katol\u00edckej cirkvi 40 d\u0148ov\u00fd p\u00f4st. Na popolcov\u00fa stredu zvykne do kostola na om\u0161u a\u00a0pomazanie \u010dela popolom pr\u00eds\u0165 hodne \u013eud\u00ed. K\u0148az na \u010delo \u010dloveka ma\u017ee popolom( z\u00a0predo\u0161lej Ve\u013ekej Noci, z\u00a0Bielej soboty, popolom z\u00a0bahniatok) kaj\u00facnikovi na \u010delo znak kr\u00ed\u017ea. &hellip; <a href=\"https:\/\/obratenykatolik.sk\/?page_id=517\">Pokra\u010dova\u0165 v \u010d\u00edtan\u00ed <span class=\"meta-nav\">&rarr;<\/span><\/a><\/p>\n","protected":false},"author":1,"featured_media":0,"parent":0,"menu_order":0,"comment_status":"closed","ping_status":"closed","template":"","meta":[],"_links":{"self":[{"href":"https:\/\/obratenykatolik.sk\/index.php?rest_route=\/wp\/v2\/pages\/517"}],"collection":[{"href":"https:\/\/obratenykatolik.sk\/index.php?rest_route=\/wp\/v2\/pages"}],"about":[{"href":"https:\/\/obratenykatolik.sk\/index.php?rest_route=\/wp\/v2\/types\/page"}],"author":[{"embeddable":true,"href":"https:\/\/obratenykatolik.sk\/index.php?rest_route=\/wp\/v2\/users\/1"}],"replies":[{"embeddable":true,"href":"https:\/\/obratenykatolik.sk\/index.php?rest_route=%2Fwp%2Fv2%2Fcomments&post=517"}],"version-history":[{"count":8,"href":"https:\/\/obratenykatolik.sk\/index.php?rest_route=\/wp\/v2\/pages\/517\/revisions"}],"predecessor-version":[{"id":1585,"href":"https:\/\/obratenykatolik.sk\/index.php?rest_route=\/wp\/v2\/pages\/517\/revisions\/1585"}],"wp:attachment":[{"href":"https:\/\/obratenykatolik.sk\/index.php?rest_route=%2Fwp%2Fv2%2Fmedia&parent=517"}],"curies":[{"name":"wp","href":"https:\/\/api.w.org\/{rel}","templated":true}]}}