{"id":1099,"date":"2016-01-31T21:03:53","date_gmt":"2016-01-31T21:03:53","guid":{"rendered":"http:\/\/obratenykatolik.sk\/wp-content\/uploads\/socha-pohansk\u00e9ho-Jupitera-ktor\u00fa-katol\u00edci-prekrstili-na-Sv.-Petra.jpg"},"modified":"2018-02-15T16:59:40","modified_gmt":"2018-02-15T16:59:40","slug":"socha-pohanskeho-jupitera-ktoru-katolici-prekrstili-na-sv-petra","status":"inherit","type":"attachment","link":"https:\/\/obratenykatolik.sk\/?attachment_id=1099","title":{"rendered":"Socha pohansk\u00e9ho Jupitera, ktor\u00fa katol\u00edci prekrstili na Sv. Petra"},"author":1,"comment_status":"closed","ping_status":"closed","template":"","meta":[],"description":{"rendered":"<p class=\"attachment\"><a href='https:\/\/obratenykatolik.sk\/wp-content\/uploads\/socha-pohansk\u00e9ho-Jupitera-ktor\u00fa-katol\u00edci-prekrstili-na-Sv.-Petra.jpg'><img width=\"300\" height=\"224\" src=\"https:\/\/obratenykatolik.sk\/wp-content\/uploads\/socha-pohansk\u00e9ho-Jupitera-ktor\u00fa-katol\u00edci-prekrstili-na-Sv.-Petra-300x224.jpg\" class=\"attachment-medium size-medium\" alt=\"\" decoding=\"async\" loading=\"lazy\" srcset=\"https:\/\/obratenykatolik.sk\/wp-content\/uploads\/socha-pohansk\u00e9ho-Jupitera-ktor\u00fa-katol\u00edci-prekrstili-na-Sv.-Petra-300x224.jpg 300w, https:\/\/obratenykatolik.sk\/wp-content\/uploads\/socha-pohansk\u00e9ho-Jupitera-ktor\u00fa-katol\u00edci-prekrstili-na-Sv.-Petra-1024x768.jpg 1024w, https:\/\/obratenykatolik.sk\/wp-content\/uploads\/socha-pohansk\u00e9ho-Jupitera-ktor\u00fa-katol\u00edci-prekrstili-na-Sv.-Petra.jpg 1100w\" sizes=\"(max-width: 300px) 100vw, 300px\" \/><\/a><\/p>\n"},"caption":{"rendered":""},"alt_text":"","media_type":"image","mime_type":"image\/jpeg","media_details":{"width":"1100","height":"825","hwstring_small":"height='96' width='128'","file":"socha-pohansk\u00e9ho-Jupitera-ktor\u00fa-katol\u00edci-prekrstili-na-Sv.-Petra.jpg","sizes":{"thumbnail":{"file":"socha-pohansk\u00e9ho-Jupitera-ktor\u00fa-katol\u00edci-prekrstili-na-Sv.-Petra-150x150.jpg","width":"150","height":"150","source_url":"https:\/\/obratenykatolik.sk\/wp-content\/uploads\/socha-pohansk\u00e9ho-Jupitera-ktor\u00fa-katol\u00edci-prekrstili-na-Sv.-Petra-150x150.jpg"},"medium":{"file":"socha-pohansk\u00e9ho-Jupitera-ktor\u00fa-katol\u00edci-prekrstili-na-Sv.-Petra-300x224.jpg","width":"300","height":"224","source_url":"https:\/\/obratenykatolik.sk\/wp-content\/uploads\/socha-pohansk\u00e9ho-Jupitera-ktor\u00fa-katol\u00edci-prekrstili-na-Sv.-Petra-300x224.jpg"},"large":{"file":"socha-pohansk\u00e9ho-Jupitera-ktor\u00fa-katol\u00edci-prekrstili-na-Sv.-Petra-1024x768.jpg","width":"1024","height":"768","source_url":"https:\/\/obratenykatolik.sk\/wp-content\/uploads\/socha-pohansk\u00e9ho-Jupitera-ktor\u00fa-katol\u00edci-prekrstili-na-Sv.-Petra-1024x768.jpg"},"full":{"file":"socha-pohansk\u00e9ho-Jupitera-ktor\u00fa-katol\u00edci-prekrstili-na-Sv.-Petra.jpg","width":1100,"height":825,"mime_type":"image\/jpeg","source_url":"https:\/\/obratenykatolik.sk\/wp-content\/uploads\/socha-pohansk\u00e9ho-Jupitera-ktor\u00fa-katol\u00edci-prekrstili-na-Sv.-Petra.jpg"}},"image_meta":{"aperture":"2.8","credit":"","camera":"","caption":"","created_timestamp":"1241548021","copyright":"","focal_length":"4.6","iso":"250","shutter_speed":"0.125","title":""}},"post":1024,"source_url":"https:\/\/obratenykatolik.sk\/wp-content\/uploads\/socha-pohansk\u00e9ho-Jupitera-ktor\u00fa-katol\u00edci-prekrstili-na-Sv.-Petra.jpg","_links":{"self":[{"href":"https:\/\/obratenykatolik.sk\/index.php?rest_route=\/wp\/v2\/media\/1099"}],"collection":[{"href":"https:\/\/obratenykatolik.sk\/index.php?rest_route=\/wp\/v2\/media"}],"about":[{"href":"https:\/\/obratenykatolik.sk\/index.php?rest_route=\/wp\/v2\/types\/attachment"}],"author":[{"embeddable":true,"href":"https:\/\/obratenykatolik.sk\/index.php?rest_route=\/wp\/v2\/users\/1"}],"replies":[{"embeddable":true,"href":"https:\/\/obratenykatolik.sk\/index.php?rest_route=%2Fwp%2Fv2%2Fcomments&post=1099"}]}}

http://obratenykatolik.sk/wp-content/uploads/socha-pohanského-Jupitera-ktorú-katolíci-prekrstili-na-Sv.-Petra.jpg

Socha pohanského Jupitera, ktorú katolíci prekrstili na Sv. Petra

<p class="attachment"><a href='https://obratenykatolik.sk/wp-content/uploads/socha-pohanského-Jupitera-ktorú-katolíci-prekrstili-na-Sv.-Petra.jpg'><img width="300" height="224" src="https://obratenykatolik.sk/wp-content/uploads/socha-pohanského-Jupitera-ktorú-katolíci-prekrstili-na-Sv.-Petra-300x224.jpg" class="attachment-medium size-medium" alt="" decoding="async" loading="lazy" srcset="https://obratenykatolik.sk/wp-content/uploads/socha-pohanského-Jupitera-ktorú-katolíci-prekrstili-na-Sv.-Petra-300x224.jpg 300w, https://obratenykatolik.sk/wp-content/uploads/socha-pohanského-Jupitera-ktorú-katolíci-prekrstili-na-Sv.-Petra-1024x768.jpg 1024w, https://obratenykatolik.sk/wp-content/uploads/socha-pohanského-Jupitera-ktorú-katolíci-prekrstili-na-Sv.-Petra.jpg 1100w" sizes="(max-width: 300px) 100vw, 300px" /></a></p>

socha-pohanského-Jupitera-ktorú-katolíci-prekrstili-na-Sv.-Petra.jpg

socha-pohanského-Jupitera-ktorú-katolíci-prekrstili-na-Sv.-Petra-150x150.jpg

https://obratenykatolik.sk/wp-content/uploads/socha-pohanského-Jupitera-ktorú-katolíci-prekrstili-na-Sv.-Petra-150x150.jpg

socha-pohanského-Jupitera-ktorú-katolíci-prekrstili-na-Sv.-Petra-300x224.jpg

https://obratenykatolik.sk/wp-content/uploads/socha-pohanského-Jupitera-ktorú-katolíci-prekrstili-na-Sv.-Petra-300x224.jpg

socha-pohanského-Jupitera-ktorú-katolíci-prekrstili-na-Sv.-Petra-1024x768.jpg

https://obratenykatolik.sk/wp-content/uploads/socha-pohanského-Jupitera-ktorú-katolíci-prekrstili-na-Sv.-Petra-1024x768.jpg

https://obratenykatolik.sk/wp-content/uploads/socha-pohanského-Jupitera-ktorú-katolíci-prekrstili-na-Sv.-Petra.jpg
