{"id":1092,"date":"2016-01-31T21:03:36","date_gmt":"2016-01-31T21:03:36","guid":{"rendered":"http:\/\/obratenykatolik.sk\/wp-content\/uploads\/R\u00edmske-bohatstvo-v-\u010dech\u00e1ch-na-v\u00fdstave.jpg"},"modified":"2018-02-15T17:02:33","modified_gmt":"2018-02-15T17:02:33","slug":"rimske-bohatstvo-v-cechach-na-vystave","status":"inherit","type":"attachment","link":"https:\/\/obratenykatolik.sk\/?attachment_id=1092","title":{"rendered":"R\u00edmske bohatstvo v \u010dech\u00e1ch na v\u00fdstave"},"author":1,"comment_status":"closed","ping_status":"closed","template":"","meta":[],"description":{"rendered":"<p class=\"attachment\"><a href='https:\/\/obratenykatolik.sk\/wp-content\/uploads\/R\u00edmske-bohatstvo-v-\u010dech\u00e1ch-na-v\u00fdstave.jpg'><img width=\"300\" height=\"200\" src=\"https:\/\/obratenykatolik.sk\/wp-content\/uploads\/R\u00edmske-bohatstvo-v-\u010dech\u00e1ch-na-v\u00fdstave-300x200.jpg\" class=\"attachment-medium size-medium\" alt=\"\" decoding=\"async\" loading=\"lazy\" srcset=\"https:\/\/obratenykatolik.sk\/wp-content\/uploads\/R\u00edmske-bohatstvo-v-\u010dech\u00e1ch-na-v\u00fdstave-300x200.jpg 300w, https:\/\/obratenykatolik.sk\/wp-content\/uploads\/R\u00edmske-bohatstvo-v-\u010dech\u00e1ch-na-v\u00fdstave.jpg 400w\" sizes=\"(max-width: 300px) 100vw, 300px\" \/><\/a><\/p>\n"},"caption":{"rendered":""},"alt_text":"","media_type":"image","mime_type":"image\/jpeg","media_details":{"width":"400","height":"267","hwstring_small":"height='85' width='128'","file":"R\u00edmske-bohatstvo-v-\u010dech\u00e1ch-na-v\u00fdstave.jpg","sizes":{"thumbnail":{"file":"R\u00edmske-bohatstvo-v-\u010dech\u00e1ch-na-v\u00fdstave-150x150.jpg","width":"150","height":"150","source_url":"https:\/\/obratenykatolik.sk\/wp-content\/uploads\/R\u00edmske-bohatstvo-v-\u010dech\u00e1ch-na-v\u00fdstave-150x150.jpg"},"medium":{"file":"R\u00edmske-bohatstvo-v-\u010dech\u00e1ch-na-v\u00fdstave-300x200.jpg","width":"300","height":"200","source_url":"https:\/\/obratenykatolik.sk\/wp-content\/uploads\/R\u00edmske-bohatstvo-v-\u010dech\u00e1ch-na-v\u00fdstave-300x200.jpg"},"full":{"file":"R\u00edmske-bohatstvo-v-\u010dech\u00e1ch-na-v\u00fdstave.jpg","width":400,"height":267,"mime_type":"image\/jpeg","source_url":"https:\/\/obratenykatolik.sk\/wp-content\/uploads\/R\u00edmske-bohatstvo-v-\u010dech\u00e1ch-na-v\u00fdstave.jpg"}},"image_meta":{"aperture":"3.5","credit":"","camera":"Canon EOS 550D","caption":"","created_timestamp":"1324035542","copyright":"","focal_length":"27","iso":"1600","shutter_speed":"0.0166666666667","title":""}},"post":1024,"source_url":"https:\/\/obratenykatolik.sk\/wp-content\/uploads\/R\u00edmske-bohatstvo-v-\u010dech\u00e1ch-na-v\u00fdstave.jpg","_links":{"self":[{"href":"https:\/\/obratenykatolik.sk\/index.php?rest_route=\/wp\/v2\/media\/1092"}],"collection":[{"href":"https:\/\/obratenykatolik.sk\/index.php?rest_route=\/wp\/v2\/media"}],"about":[{"href":"https:\/\/obratenykatolik.sk\/index.php?rest_route=\/wp\/v2\/types\/attachment"}],"author":[{"embeddable":true,"href":"https:\/\/obratenykatolik.sk\/index.php?rest_route=\/wp\/v2\/users\/1"}],"replies":[{"embeddable":true,"href":"https:\/\/obratenykatolik.sk\/index.php?rest_route=%2Fwp%2Fv2%2Fcomments&post=1092"}]}}

http://obratenykatolik.sk/wp-content/uploads/Rímske-bohatstvo-v-čechách-na-výstave.jpg

Rímske bohatstvo v čechách na výstave

<p class="attachment"><a href='https://obratenykatolik.sk/wp-content/uploads/Rímske-bohatstvo-v-čechách-na-výstave.jpg'><img width="300" height="200" src="https://obratenykatolik.sk/wp-content/uploads/Rímske-bohatstvo-v-čechách-na-výstave-300x200.jpg" class="attachment-medium size-medium" alt="" decoding="async" loading="lazy" srcset="https://obratenykatolik.sk/wp-content/uploads/Rímske-bohatstvo-v-čechách-na-výstave-300x200.jpg 300w, https://obratenykatolik.sk/wp-content/uploads/Rímske-bohatstvo-v-čechách-na-výstave.jpg 400w" sizes="(max-width: 300px) 100vw, 300px" /></a></p>

Rímske-bohatstvo-v-čechách-na-výstave.jpg

Rímske-bohatstvo-v-čechách-na-výstave-150x150.jpg

https://obratenykatolik.sk/wp-content/uploads/Rímske-bohatstvo-v-čechách-na-výstave-150x150.jpg

Rímske-bohatstvo-v-čechách-na-výstave-300x200.jpg

https://obratenykatolik.sk/wp-content/uploads/Rímske-bohatstvo-v-čechách-na-výstave-300x200.jpg

https://obratenykatolik.sk/wp-content/uploads/Rímske-bohatstvo-v-čechách-na-výstave.jpg
