{"id":1090,"date":"2016-01-31T21:03:33","date_gmt":"2016-01-31T21:03:33","guid":{"rendered":"http:\/\/obratenykatolik.sk\/wp-content\/uploads\/relikvie-sv\u00e4t\u00fdch-ktor\u00e9-nosili-na-krku-katol\u00edcki-hodnost\u00e1ri.jpg"},"modified":"2018-02-15T17:02:52","modified_gmt":"2018-02-15T17:02:52","slug":"relikvie-svatych-ktore-nosili-na-krku-katolicki-hodnostari","status":"inherit","type":"attachment","link":"https:\/\/obratenykatolik.sk\/?attachment_id=1090","title":{"rendered":"Relikvie sv\u00e4t\u00fdch, ktor\u00e9 nosili na krku katol\u00edcki hodnost\u00e1ri"},"author":1,"comment_status":"closed","ping_status":"closed","template":"","meta":[],"description":{"rendered":"<p class=\"attachment\"><a href='https:\/\/obratenykatolik.sk\/wp-content\/uploads\/relikvie-sv\u00e4t\u00fdch-ktor\u00e9-nosili-na-krku-katol\u00edcki-hodnost\u00e1ri.jpg'><img width=\"300\" height=\"110\" src=\"https:\/\/obratenykatolik.sk\/wp-content\/uploads\/relikvie-sv\u00e4t\u00fdch-ktor\u00e9-nosili-na-krku-katol\u00edcki-hodnost\u00e1ri-300x110.jpg\" class=\"attachment-medium size-medium\" alt=\"\" decoding=\"async\" loading=\"lazy\" srcset=\"https:\/\/obratenykatolik.sk\/wp-content\/uploads\/relikvie-sv\u00e4t\u00fdch-ktor\u00e9-nosili-na-krku-katol\u00edcki-hodnost\u00e1ri-300x110.jpg 300w, https:\/\/obratenykatolik.sk\/wp-content\/uploads\/relikvie-sv\u00e4t\u00fdch-ktor\u00e9-nosili-na-krku-katol\u00edcki-hodnost\u00e1ri.jpg 608w\" sizes=\"(max-width: 300px) 100vw, 300px\" \/><\/a><\/p>\n"},"caption":{"rendered":""},"alt_text":"","media_type":"image","mime_type":"image\/jpeg","media_details":{"width":"608","height":"224","hwstring_small":"height='47' width='128'","file":"relikvie-sv\u00e4t\u00fdch-ktor\u00e9-nosili-na-krku-katol\u00edcki-hodnost\u00e1ri.jpg","sizes":{"thumbnail":{"file":"relikvie-sv\u00e4t\u00fdch-ktor\u00e9-nosili-na-krku-katol\u00edcki-hodnost\u00e1ri-150x150.jpg","width":"150","height":"150","source_url":"https:\/\/obratenykatolik.sk\/wp-content\/uploads\/relikvie-sv\u00e4t\u00fdch-ktor\u00e9-nosili-na-krku-katol\u00edcki-hodnost\u00e1ri-150x150.jpg"},"medium":{"file":"relikvie-sv\u00e4t\u00fdch-ktor\u00e9-nosili-na-krku-katol\u00edcki-hodnost\u00e1ri-300x110.jpg","width":"300","height":"110","source_url":"https:\/\/obratenykatolik.sk\/wp-content\/uploads\/relikvie-sv\u00e4t\u00fdch-ktor\u00e9-nosili-na-krku-katol\u00edcki-hodnost\u00e1ri-300x110.jpg"},"full":{"file":"relikvie-sv\u00e4t\u00fdch-ktor\u00e9-nosili-na-krku-katol\u00edcki-hodnost\u00e1ri.jpg","width":608,"height":224,"mime_type":"image\/jpeg","source_url":"https:\/\/obratenykatolik.sk\/wp-content\/uploads\/relikvie-sv\u00e4t\u00fdch-ktor\u00e9-nosili-na-krku-katol\u00edcki-hodnost\u00e1ri.jpg"}},"image_meta":{"aperture":"5.6","credit":"Jiri Blazek","camera":"NIKON D700","caption":"","created_timestamp":"1327660047","copyright":"","focal_length":"50","iso":"1600","shutter_speed":"0.025","title":""}},"post":1024,"source_url":"https:\/\/obratenykatolik.sk\/wp-content\/uploads\/relikvie-sv\u00e4t\u00fdch-ktor\u00e9-nosili-na-krku-katol\u00edcki-hodnost\u00e1ri.jpg","_links":{"self":[{"href":"https:\/\/obratenykatolik.sk\/index.php?rest_route=\/wp\/v2\/media\/1090"}],"collection":[{"href":"https:\/\/obratenykatolik.sk\/index.php?rest_route=\/wp\/v2\/media"}],"about":[{"href":"https:\/\/obratenykatolik.sk\/index.php?rest_route=\/wp\/v2\/types\/attachment"}],"author":[{"embeddable":true,"href":"https:\/\/obratenykatolik.sk\/index.php?rest_route=\/wp\/v2\/users\/1"}],"replies":[{"embeddable":true,"href":"https:\/\/obratenykatolik.sk\/index.php?rest_route=%2Fwp%2Fv2%2Fcomments&post=1090"}]}}

http://obratenykatolik.sk/wp-content/uploads/relikvie-svätých-ktoré-nosili-na-krku-katolícki-hodnostári.jpg

Relikvie svätých, ktoré nosili na krku katolícki hodnostári

<p class="attachment"><a href='https://obratenykatolik.sk/wp-content/uploads/relikvie-svätých-ktoré-nosili-na-krku-katolícki-hodnostári.jpg'><img width="300" height="110" src="https://obratenykatolik.sk/wp-content/uploads/relikvie-svätých-ktoré-nosili-na-krku-katolícki-hodnostári-300x110.jpg" class="attachment-medium size-medium" alt="" decoding="async" loading="lazy" srcset="https://obratenykatolik.sk/wp-content/uploads/relikvie-svätých-ktoré-nosili-na-krku-katolícki-hodnostári-300x110.jpg 300w, https://obratenykatolik.sk/wp-content/uploads/relikvie-svätých-ktoré-nosili-na-krku-katolícki-hodnostári.jpg 608w" sizes="(max-width: 300px) 100vw, 300px" /></a></p>

relikvie-svätých-ktoré-nosili-na-krku-katolícki-hodnostári.jpg

relikvie-svätých-ktoré-nosili-na-krku-katolícki-hodnostári-150x150.jpg

https://obratenykatolik.sk/wp-content/uploads/relikvie-svätých-ktoré-nosili-na-krku-katolícki-hodnostári-150x150.jpg

relikvie-svätých-ktoré-nosili-na-krku-katolícki-hodnostári-300x110.jpg

https://obratenykatolik.sk/wp-content/uploads/relikvie-svätých-ktoré-nosili-na-krku-katolícki-hodnostári-300x110.jpg

https://obratenykatolik.sk/wp-content/uploads/relikvie-svätých-ktoré-nosili-na-krku-katolícki-hodnostári.jpg
