{"id":1089,"date":"2016-01-31T21:03:32","date_gmt":"2016-01-31T21:03:32","guid":{"rendered":"http:\/\/obratenykatolik.sk\/wp-content\/uploads\/relikvie-r\u00f4znych-sv\u00e4t\u00fdch-Bartislava.jpg"},"modified":"2018-02-15T17:03:03","modified_gmt":"2018-02-15T17:03:03","slug":"relikvie-roznych-svatych-bartislava","status":"inherit","type":"attachment","link":"https:\/\/obratenykatolik.sk\/?attachment_id=1089","title":{"rendered":"Relikvie r\u00f4znych sv\u00e4t\u00fdch Bartislava"},"author":1,"comment_status":"closed","ping_status":"closed","template":"","meta":[],"description":{"rendered":"<p class=\"attachment\"><a href='https:\/\/obratenykatolik.sk\/wp-content\/uploads\/relikvie-r\u00f4znych-sv\u00e4t\u00fdch-Bartislava.jpg'><img width=\"300\" height=\"199\" src=\"https:\/\/obratenykatolik.sk\/wp-content\/uploads\/relikvie-r\u00f4znych-sv\u00e4t\u00fdch-Bartislava-300x199.jpg\" class=\"attachment-medium size-medium\" alt=\"\" decoding=\"async\" loading=\"lazy\" srcset=\"https:\/\/obratenykatolik.sk\/wp-content\/uploads\/relikvie-r\u00f4znych-sv\u00e4t\u00fdch-Bartislava-300x199.jpg 300w, https:\/\/obratenykatolik.sk\/wp-content\/uploads\/relikvie-r\u00f4znych-sv\u00e4t\u00fdch-Bartislava.jpg 980w\" sizes=\"(max-width: 300px) 100vw, 300px\" \/><\/a><\/p>\n"},"caption":{"rendered":""},"alt_text":"","media_type":"image","mime_type":"image\/jpeg","media_details":{"width":"980","height":"653","hwstring_small":"height='85' width='128'","file":"relikvie-r\u00f4znych-sv\u00e4t\u00fdch-Bartislava.jpg","sizes":{"thumbnail":{"file":"relikvie-r\u00f4znych-sv\u00e4t\u00fdch-Bartislava-150x150.jpg","width":"150","height":"150","source_url":"https:\/\/obratenykatolik.sk\/wp-content\/uploads\/relikvie-r\u00f4znych-sv\u00e4t\u00fdch-Bartislava-150x150.jpg"},"medium":{"file":"relikvie-r\u00f4znych-sv\u00e4t\u00fdch-Bartislava-300x199.jpg","width":"300","height":"199","source_url":"https:\/\/obratenykatolik.sk\/wp-content\/uploads\/relikvie-r\u00f4znych-sv\u00e4t\u00fdch-Bartislava-300x199.jpg"},"full":{"file":"relikvie-r\u00f4znych-sv\u00e4t\u00fdch-Bartislava.jpg","width":980,"height":653,"mime_type":"image\/jpeg","source_url":"https:\/\/obratenykatolik.sk\/wp-content\/uploads\/relikvie-r\u00f4znych-sv\u00e4t\u00fdch-Bartislava.jpg"}},"image_meta":{"aperture":"0","credit":"","camera":"","caption":"","created_timestamp":"0","copyright":"","focal_length":"0","iso":"0","shutter_speed":"0","title":""}},"post":1024,"source_url":"https:\/\/obratenykatolik.sk\/wp-content\/uploads\/relikvie-r\u00f4znych-sv\u00e4t\u00fdch-Bartislava.jpg","_links":{"self":[{"href":"https:\/\/obratenykatolik.sk\/index.php?rest_route=\/wp\/v2\/media\/1089"}],"collection":[{"href":"https:\/\/obratenykatolik.sk\/index.php?rest_route=\/wp\/v2\/media"}],"about":[{"href":"https:\/\/obratenykatolik.sk\/index.php?rest_route=\/wp\/v2\/types\/attachment"}],"author":[{"embeddable":true,"href":"https:\/\/obratenykatolik.sk\/index.php?rest_route=\/wp\/v2\/users\/1"}],"replies":[{"embeddable":true,"href":"https:\/\/obratenykatolik.sk\/index.php?rest_route=%2Fwp%2Fv2%2Fcomments&post=1089"}]}}

http://obratenykatolik.sk/wp-content/uploads/relikvie-rôznych-svätých-Bartislava.jpg

Relikvie rôznych svätých Bartislava

<p class="attachment"><a href='https://obratenykatolik.sk/wp-content/uploads/relikvie-rôznych-svätých-Bartislava.jpg'><img width="300" height="199" src="https://obratenykatolik.sk/wp-content/uploads/relikvie-rôznych-svätých-Bartislava-300x199.jpg" class="attachment-medium size-medium" alt="" decoding="async" loading="lazy" srcset="https://obratenykatolik.sk/wp-content/uploads/relikvie-rôznych-svätých-Bartislava-300x199.jpg 300w, https://obratenykatolik.sk/wp-content/uploads/relikvie-rôznych-svätých-Bartislava.jpg 980w" sizes="(max-width: 300px) 100vw, 300px" /></a></p>

relikvie-rôznych-svätých-Bartislava.jpg

relikvie-rôznych-svätých-Bartislava-150x150.jpg

https://obratenykatolik.sk/wp-content/uploads/relikvie-rôznych-svätých-Bartislava-150x150.jpg

relikvie-rôznych-svätých-Bartislava-300x199.jpg

https://obratenykatolik.sk/wp-content/uploads/relikvie-rôznych-svätých-Bartislava-300x199.jpg

https://obratenykatolik.sk/wp-content/uploads/relikvie-rôznych-svätých-Bartislava.jpg
