{"id":1081,"date":"2016-01-31T21:02:41","date_gmt":"2016-01-31T21:02:41","guid":{"rendered":"http:\/\/obratenykatolik.sk\/wp-content\/uploads\/podanie-r\u00fak-so-slobodomur\u00e1rskym-gestom-3.jpg"},"modified":"2018-02-15T17:04:48","modified_gmt":"2018-02-15T17:04:48","slug":"podanie-ruk-so-slobodomurarskym-gestom-3","status":"inherit","type":"attachment","link":"https:\/\/obratenykatolik.sk\/?attachment_id=1081","title":{"rendered":"Podanie r\u00fak so slobodomur\u00e1rskym gestom 3"},"author":1,"comment_status":"closed","ping_status":"closed","template":"","meta":[],"description":{"rendered":"<p class=\"attachment\"><a href='https:\/\/obratenykatolik.sk\/wp-content\/uploads\/podanie-r\u00fak-so-slobodomur\u00e1rskym-gestom-3.jpg'><img width=\"300\" height=\"225\" src=\"https:\/\/obratenykatolik.sk\/wp-content\/uploads\/podanie-r\u00fak-so-slobodomur\u00e1rskym-gestom-3.jpg\" class=\"attachment-medium size-medium\" alt=\"\" decoding=\"async\" loading=\"lazy\" \/><\/a><\/p>\n"},"caption":{"rendered":""},"alt_text":"","media_type":"image","mime_type":"image\/jpeg","media_details":{"width":"300","height":"225","hwstring_small":"height='96' width='128'","file":"podanie-r\u00fak-so-slobodomur\u00e1rskym-gestom-3.jpg","sizes":{"thumbnail":{"file":"podanie-r\u00fak-so-slobodomur\u00e1rskym-gestom-3-150x150.jpg","width":"150","height":"150","source_url":"https:\/\/obratenykatolik.sk\/wp-content\/uploads\/podanie-r\u00fak-so-slobodomur\u00e1rskym-gestom-3-150x150.jpg"},"full":{"file":"podanie-r\u00fak-so-slobodomur\u00e1rskym-gestom-3.jpg","width":300,"height":225,"mime_type":"image\/jpeg","source_url":"https:\/\/obratenykatolik.sk\/wp-content\/uploads\/podanie-r\u00fak-so-slobodomur\u00e1rskym-gestom-3.jpg"}},"image_meta":{"aperture":"2.6","credit":"","camera":"GT-S5839i","caption":"","created_timestamp":"1400775982","copyright":"","focal_length":"3.55","iso":"400","shutter_speed":"0.125","title":""}},"post":1024,"source_url":"https:\/\/obratenykatolik.sk\/wp-content\/uploads\/podanie-r\u00fak-so-slobodomur\u00e1rskym-gestom-3.jpg","_links":{"self":[{"href":"https:\/\/obratenykatolik.sk\/index.php?rest_route=\/wp\/v2\/media\/1081"}],"collection":[{"href":"https:\/\/obratenykatolik.sk\/index.php?rest_route=\/wp\/v2\/media"}],"about":[{"href":"https:\/\/obratenykatolik.sk\/index.php?rest_route=\/wp\/v2\/types\/attachment"}],"author":[{"embeddable":true,"href":"https:\/\/obratenykatolik.sk\/index.php?rest_route=\/wp\/v2\/users\/1"}],"replies":[{"embeddable":true,"href":"https:\/\/obratenykatolik.sk\/index.php?rest_route=%2Fwp%2Fv2%2Fcomments&post=1081"}]}}

http://obratenykatolik.sk/wp-content/uploads/podanie-rúk-so-slobodomurárskym-gestom-3.jpg

Podanie rúk so slobodomurárskym gestom 3

<p class="attachment"><a href='https://obratenykatolik.sk/wp-content/uploads/podanie-rúk-so-slobodomurárskym-gestom-3.jpg'><img width="300" height="225" src="https://obratenykatolik.sk/wp-content/uploads/podanie-rúk-so-slobodomurárskym-gestom-3.jpg" class="attachment-medium size-medium" alt="" decoding="async" loading="lazy" /></a></p>

podanie-rúk-so-slobodomurárskym-gestom-3.jpg

podanie-rúk-so-slobodomurárskym-gestom-3-150x150.jpg

https://obratenykatolik.sk/wp-content/uploads/podanie-rúk-so-slobodomurárskym-gestom-3-150x150.jpg

https://obratenykatolik.sk/wp-content/uploads/podanie-rúk-so-slobodomurárskym-gestom-3.jpg
