{"id":1080,"date":"2016-01-31T21:02:39","date_gmt":"2016-01-31T21:02:39","guid":{"rendered":"http:\/\/obratenykatolik.sk\/wp-content\/uploads\/podanie-r\u00fak-so-slobodomur\u00e1rskym-gestom-2.jpg"},"modified":"2018-02-15T17:05:06","modified_gmt":"2018-02-15T17:05:06","slug":"podanie-ruk-so-slobodomurarskym-gestom-2","status":"inherit","type":"attachment","link":"https:\/\/obratenykatolik.sk\/?attachment_id=1080","title":{"rendered":"Podanie r\u00fak so slobodomur\u00e1rskym gestom 2"},"author":1,"comment_status":"closed","ping_status":"closed","template":"","meta":[],"description":{"rendered":"<p class=\"attachment\"><a href='https:\/\/obratenykatolik.sk\/wp-content\/uploads\/podanie-r\u00fak-so-slobodomur\u00e1rskym-gestom-2.jpg'><img width=\"300\" height=\"225\" src=\"https:\/\/obratenykatolik.sk\/wp-content\/uploads\/podanie-r\u00fak-so-slobodomur\u00e1rskym-gestom-2-300x225.jpg\" class=\"attachment-medium size-medium\" alt=\"\" decoding=\"async\" loading=\"lazy\" srcset=\"https:\/\/obratenykatolik.sk\/wp-content\/uploads\/podanie-r\u00fak-so-slobodomur\u00e1rskym-gestom-2-300x225.jpg 300w, https:\/\/obratenykatolik.sk\/wp-content\/uploads\/podanie-r\u00fak-so-slobodomur\u00e1rskym-gestom-2-1024x768.jpg 1024w\" sizes=\"(max-width: 300px) 100vw, 300px\" \/><\/a><\/p>\n"},"caption":{"rendered":""},"alt_text":"","media_type":"image","mime_type":"image\/jpeg","media_details":{"width":"2560","height":"1920","hwstring_small":"height='96' width='128'","file":"podanie-r\u00fak-so-slobodomur\u00e1rskym-gestom-2.jpg","sizes":{"thumbnail":{"file":"podanie-r\u00fak-so-slobodomur\u00e1rskym-gestom-2-150x150.jpg","width":"150","height":"150","source_url":"https:\/\/obratenykatolik.sk\/wp-content\/uploads\/podanie-r\u00fak-so-slobodomur\u00e1rskym-gestom-2-150x150.jpg"},"medium":{"file":"podanie-r\u00fak-so-slobodomur\u00e1rskym-gestom-2-300x225.jpg","width":"300","height":"225","source_url":"https:\/\/obratenykatolik.sk\/wp-content\/uploads\/podanie-r\u00fak-so-slobodomur\u00e1rskym-gestom-2-300x225.jpg"},"large":{"file":"podanie-r\u00fak-so-slobodomur\u00e1rskym-gestom-2-1024x768.jpg","width":"1024","height":"768","source_url":"https:\/\/obratenykatolik.sk\/wp-content\/uploads\/podanie-r\u00fak-so-slobodomur\u00e1rskym-gestom-2-1024x768.jpg"},"full":{"file":"podanie-r\u00fak-so-slobodomur\u00e1rskym-gestom-2.jpg","width":2560,"height":1920,"mime_type":"image\/jpeg","source_url":"https:\/\/obratenykatolik.sk\/wp-content\/uploads\/podanie-r\u00fak-so-slobodomur\u00e1rskym-gestom-2.jpg"}},"image_meta":{"aperture":"2.6","credit":"","camera":"GT-S5839i","caption":"","created_timestamp":"1400775962","copyright":"","focal_length":"3.55","iso":"100","shutter_speed":"0.0714285714286","title":""}},"post":1024,"source_url":"https:\/\/obratenykatolik.sk\/wp-content\/uploads\/podanie-r\u00fak-so-slobodomur\u00e1rskym-gestom-2.jpg","_links":{"self":[{"href":"https:\/\/obratenykatolik.sk\/index.php?rest_route=\/wp\/v2\/media\/1080"}],"collection":[{"href":"https:\/\/obratenykatolik.sk\/index.php?rest_route=\/wp\/v2\/media"}],"about":[{"href":"https:\/\/obratenykatolik.sk\/index.php?rest_route=\/wp\/v2\/types\/attachment"}],"author":[{"embeddable":true,"href":"https:\/\/obratenykatolik.sk\/index.php?rest_route=\/wp\/v2\/users\/1"}],"replies":[{"embeddable":true,"href":"https:\/\/obratenykatolik.sk\/index.php?rest_route=%2Fwp%2Fv2%2Fcomments&post=1080"}]}}

http://obratenykatolik.sk/wp-content/uploads/podanie-rúk-so-slobodomurárskym-gestom-2.jpg

Podanie rúk so slobodomurárskym gestom 2

<p class="attachment"><a href='https://obratenykatolik.sk/wp-content/uploads/podanie-rúk-so-slobodomurárskym-gestom-2.jpg'><img width="300" height="225" src="https://obratenykatolik.sk/wp-content/uploads/podanie-rúk-so-slobodomurárskym-gestom-2-300x225.jpg" class="attachment-medium size-medium" alt="" decoding="async" loading="lazy" srcset="https://obratenykatolik.sk/wp-content/uploads/podanie-rúk-so-slobodomurárskym-gestom-2-300x225.jpg 300w, https://obratenykatolik.sk/wp-content/uploads/podanie-rúk-so-slobodomurárskym-gestom-2-1024x768.jpg 1024w" sizes="(max-width: 300px) 100vw, 300px" /></a></p>

podanie-rúk-so-slobodomurárskym-gestom-2.jpg

podanie-rúk-so-slobodomurárskym-gestom-2-150x150.jpg

https://obratenykatolik.sk/wp-content/uploads/podanie-rúk-so-slobodomurárskym-gestom-2-150x150.jpg

podanie-rúk-so-slobodomurárskym-gestom-2-300x225.jpg

https://obratenykatolik.sk/wp-content/uploads/podanie-rúk-so-slobodomurárskym-gestom-2-300x225.jpg

podanie-rúk-so-slobodomurárskym-gestom-2-1024x768.jpg

https://obratenykatolik.sk/wp-content/uploads/podanie-rúk-so-slobodomurárskym-gestom-2-1024x768.jpg

https://obratenykatolik.sk/wp-content/uploads/podanie-rúk-so-slobodomurárskym-gestom-2.jpg
