{"id":1062,"date":"2016-01-31T21:01:15","date_gmt":"2016-01-31T21:01:15","guid":{"rendered":"http:\/\/obratenykatolik.sk\/wp-content\/uploads\/modla.jpg"},"modified":"2018-02-15T17:10:39","modified_gmt":"2018-02-15T17:10:39","slug":"modla","status":"inherit","type":"attachment","link":"https:\/\/obratenykatolik.sk\/?attachment_id=1062","title":{"rendered":"Modla"},"author":1,"comment_status":"closed","ping_status":"closed","template":"","meta":[],"description":{"rendered":"<p class=\"attachment\"><a href='https:\/\/obratenykatolik.sk\/wp-content\/uploads\/modla.jpg'><img width=\"300\" height=\"168\" src=\"https:\/\/obratenykatolik.sk\/wp-content\/uploads\/modla-300x168.jpg\" class=\"attachment-medium size-medium\" alt=\"\" decoding=\"async\" loading=\"lazy\" srcset=\"https:\/\/obratenykatolik.sk\/wp-content\/uploads\/modla-300x168.jpg 300w, https:\/\/obratenykatolik.sk\/wp-content\/uploads\/modla.jpg 640w\" sizes=\"(max-width: 300px) 100vw, 300px\" \/><\/a><\/p>\n<p>Ve Star\u00e9 Boleslavi u Prahy, kde byl p\u00f8ed 1078 lety zavra\u009ed\u00ecn kn\u00ed\u009ee V\u00e1clav, pokra\u00e8ovala 28. z\u00e1\u00f8\u00ed slavnostn\u00ed poutn\u00ed m\u009a\u00ed svatov\u00e1clavsk\u00e1 pou\u009d. Slou\u009eil ji kardin\u00e1l Dominik Duka (vlevo). Na sn\u00edmku vpravo je Palladium zem\u00ec \u00e8esk\u00e9.<\/p>\n"},"caption":{"rendered":"<p>Ve Star\u00e9 Boleslavi u Prahy, kde byl p\u00f8ed 1078 lety zavra\u009ed\u00ecn kn\u00ed\u009ee V\u00e1clav, pokra\u00e8ovala 28. z\u00e1\u00f8\u00ed slavnostn\u00ed poutn\u00ed m\u009a\u00ed svatov\u00e1clavsk\u00e1 pou\u009d. Slou\u009eil ji kardin\u00e1l Dominik Duka (vlevo). Na sn\u00edmku vpravo je Palladium zem\u00ec \u00e8esk\u00e9.<\/p>\n"},"alt_text":"","media_type":"image","mime_type":"image\/jpeg","media_details":{"width":"640","height":"360","hwstring_small":"height='72' width='128'","file":"modla.jpg","sizes":{"thumbnail":{"file":"modla-150x150.jpg","width":"150","height":"150","source_url":"https:\/\/obratenykatolik.sk\/wp-content\/uploads\/modla-150x150.jpg"},"medium":{"file":"modla-300x168.jpg","width":"300","height":"168","source_url":"https:\/\/obratenykatolik.sk\/wp-content\/uploads\/modla-300x168.jpg"},"full":{"file":"modla.jpg","width":640,"height":360,"mime_type":"image\/jpeg","source_url":"https:\/\/obratenykatolik.sk\/wp-content\/uploads\/modla.jpg"}},"image_meta":{"aperture":"22","credit":"","camera":"NIKON D4","caption":"Ve Star\u00e9 Boleslavi u Prahy, kde byl p\u00f8ed 1078 lety zavra\u009ed\u00ecn kn\u00ed\u009ee V\u00e1clav, pokra\u00e8ovala 28. z\u00e1\u00f8\u00ed slavnostn\u00ed poutn\u00ed m\u009a\u00ed svatov\u00e1clavsk\u00e1 pou\u009d. Slou\u009eil ji kardin\u00e1l Dominik Duka (vlevo). Na sn\u00edmku vpravo je Palladium zem\u00ec \u00e8esk\u00e9.","created_timestamp":"1380363041","copyright":"","focal_length":"340","iso":"2000","shutter_speed":"0.005","title":""}},"post":1024,"source_url":"https:\/\/obratenykatolik.sk\/wp-content\/uploads\/modla.jpg","_links":{"self":[{"href":"https:\/\/obratenykatolik.sk\/index.php?rest_route=\/wp\/v2\/media\/1062"}],"collection":[{"href":"https:\/\/obratenykatolik.sk\/index.php?rest_route=\/wp\/v2\/media"}],"about":[{"href":"https:\/\/obratenykatolik.sk\/index.php?rest_route=\/wp\/v2\/types\/attachment"}],"author":[{"embeddable":true,"href":"https:\/\/obratenykatolik.sk\/index.php?rest_route=\/wp\/v2\/users\/1"}],"replies":[{"embeddable":true,"href":"https:\/\/obratenykatolik.sk\/index.php?rest_route=%2Fwp%2Fv2%2Fcomments&post=1062"}]}}

<p class="attachment"><a href='https://obratenykatolik.sk/wp-content/uploads/modla.jpg'><img width="300" height="168" src="https://obratenykatolik.sk/wp-content/uploads/modla-300x168.jpg" class="attachment-medium size-medium" alt="" decoding="async" loading="lazy" srcset="https://obratenykatolik.sk/wp-content/uploads/modla-300x168.jpg 300w, https://obratenykatolik.sk/wp-content/uploads/modla.jpg 640w" sizes="(max-width: 300px) 100vw, 300px" /></a></p>
<p>Ve Staré Boleslavi u Prahy, kde byl pøed 1078 lety zavradìn kníe Václav, pokraèovala 28. záøí slavnostní poutní mí svatováclavská pou. Slouil ji kardinál Dominik Duka (vlevo). Na snímku vpravo je Palladium zemì èeské.</p>

<p>Ve Staré Boleslavi u Prahy, kde byl pøed 1078 lety zavradìn kníe Václav, pokraèovala 28. záøí slavnostní poutní mí svatováclavská pou. Slouil ji kardinál Dominik Duka (vlevo). Na snímku vpravo je Palladium zemì èeské.</p>

Ve Staré Boleslavi u Prahy, kde byl pøed 1078 lety zavradìn kníe Václav, pokraèovala 28. záøí slavnostní poutní mí svatováclavská pou. Slouil ji kardinál Dominik Duka (vlevo). Na snímku vpravo je Palladium zemì èeské.
